{"id":52355,"date":"2024-03-27T11:12:26","date_gmt":"2024-03-27T11:12:26","guid":{"rendered":"https:\/\/www.villa-j.fr\/?page_id=52355"},"modified":"2026-02-05T13:38:14","modified_gmt":"2026-02-05T13:38:14","slug":"spirit","status":"publish","type":"page","link":"https:\/\/www.villa-j.fr\/en\/spirit\/","title":{"rendered":"Spirit"},"content":{"rendered":"\n<div class=\"chapo\">\n\tIn the 1950s, Jacques Van Migom designed this architect&#8217;s villa inspired by modern art. Today, Villa J perpetuates this creative spirit in service of your projects in Arles.\r\n<\/div>\n\n\n\n<div class=\"wp-block-media-text is-stacked-on-mobile\"><figure class=\"wp-block-media-text__media\"><img loading=\"lazy\" decoding=\"async\" width=\"1000\" height=\"1000\" src=\"https:\/\/www.villa-j.fr\/wp-content\/uploads\/2025\/07\/VillaJ_exterieur.jpg\" alt=\"Ext\u00e9rieur de la Villa J\" class=\"wp-image-52073 size-full\" srcset=\"https:\/\/www.villa-j.fr\/wp-content\/uploads\/2025\/07\/VillaJ_exterieur.jpg 1000w, https:\/\/www.villa-j.fr\/wp-content\/uploads\/2025\/07\/VillaJ_exterieur-550x550.jpg 550w, https:\/\/www.villa-j.fr\/wp-content\/uploads\/2025\/07\/VillaJ_exterieur-800x800.jpg 800w, https:\/\/www.villa-j.fr\/wp-content\/uploads\/2025\/07\/VillaJ_exterieur-360x360.jpg 360w, https:\/\/www.villa-j.fr\/wp-content\/uploads\/2025\/07\/VillaJ_exterieur-768x768.jpg 768w\" sizes=\"auto, (max-width: 1000px) 100vw, 1000px\" \/><\/figure><div class=\"wp-block-media-text__content\">\n<h2 class=\"wp-block-heading\">An architectural heritage<\/h2>\n\n\n\n<p>Villa J bears witness to <strong>the exceptional architectural legacy of the 1950s<\/strong> when Arles underwent a reconstruction program led by architects Pierre Vago and Jacques Van Migom. Several districts of the city are designed by these disciples of Le Corbusier. This <strong>architect-designed villa, Van Migom&#8217;s house<\/strong>, embodies <strong>the spirit of modern art<\/strong> with a <strong>Riviera charm<\/strong> and <strong>Tuscan inspiration<\/strong>.<\/p>\n\n\n\n<p>Renovated in 2014, this place has preserved its calm, modern and bright character. <strong>Its shaded garden<\/strong> forms a precious green haven, a <strong>true oasis of tranquility in the heart of the Camargue city<\/strong>. Today, Villa J flourishes as a <strong>creative and cultural space<\/strong>, a place for meetings and discoveries where art and architecture dialogue in an <strong>exceptional setting in the heart of Arles<\/strong>.<\/p>\n<\/div><\/div>\n\n\n\n<figure class=\"wp-block-pullquote\"><blockquote><p>Between architectural memory and contemporary dynamism, Villa J reinvents the art of working together.<\/p><\/blockquote><\/figure>\n\n\n\n<figure class=\"wp-block-gallery has-nested-images columns-3 is-cropped wp-block-gallery-1 is-layout-flex wp-block-gallery-is-layout-flex\">\n<figure class=\"wp-block-image size-large\"><img loading=\"lazy\" decoding=\"async\" width=\"1000\" height=\"667\" data-id=\"52319\" src=\"https:\/\/www.villa-j.fr\/wp-content\/uploads\/2025\/07\/VillaJ_exterieur_ambiance_table.jpg\" alt=\"\" class=\"wp-image-52319\" srcset=\"https:\/\/www.villa-j.fr\/wp-content\/uploads\/2025\/07\/VillaJ_exterieur_ambiance_table.jpg 1000w, https:\/\/www.villa-j.fr\/wp-content\/uploads\/2025\/07\/VillaJ_exterieur_ambiance_table-550x367.jpg 550w, https:\/\/www.villa-j.fr\/wp-content\/uploads\/2025\/07\/VillaJ_exterieur_ambiance_table-800x534.jpg 800w, https:\/\/www.villa-j.fr\/wp-content\/uploads\/2025\/07\/VillaJ_exterieur_ambiance_table-360x240.jpg 360w, https:\/\/www.villa-j.fr\/wp-content\/uploads\/2025\/07\/VillaJ_exterieur_ambiance_table-768x512.jpg 768w\" sizes=\"auto, (max-width: 1000px) 100vw, 1000px\" \/><\/figure>\n\n\n\n<figure class=\"wp-block-image size-full\"><img loading=\"lazy\" decoding=\"async\" width=\"1000\" height=\"666\" data-id=\"52313\" src=\"https:\/\/www.villa-j.fr\/wp-content\/uploads\/2025\/07\/Numero-MG_7711-retouche-BD.jpg\" alt=\"\" class=\"wp-image-52313\" srcset=\"https:\/\/www.villa-j.fr\/wp-content\/uploads\/2025\/07\/Numero-MG_7711-retouche-BD.jpg 1000w, https:\/\/www.villa-j.fr\/wp-content\/uploads\/2025\/07\/Numero-MG_7711-retouche-BD-550x366.jpg 550w, https:\/\/www.villa-j.fr\/wp-content\/uploads\/2025\/07\/Numero-MG_7711-retouche-BD-800x533.jpg 800w, https:\/\/www.villa-j.fr\/wp-content\/uploads\/2025\/07\/Numero-MG_7711-retouche-BD-360x240.jpg 360w, https:\/\/www.villa-j.fr\/wp-content\/uploads\/2025\/07\/Numero-MG_7711-retouche-BD-768x511.jpg 768w\" sizes=\"auto, (max-width: 1000px) 100vw, 1000px\" \/><\/figure>\n\n\n\n<figure class=\"wp-block-image size-full\"><img loading=\"lazy\" decoding=\"async\" width=\"1000\" height=\"667\" data-id=\"52098\" src=\"https:\/\/www.villa-j.fr\/wp-content\/uploads\/2024\/03\/Coquelicot-MG_7766-retouche-BD.jpg\" alt=\"\" class=\"wp-image-52098\" srcset=\"https:\/\/www.villa-j.fr\/wp-content\/uploads\/2024\/03\/Coquelicot-MG_7766-retouche-BD.jpg 1000w, https:\/\/www.villa-j.fr\/wp-content\/uploads\/2024\/03\/Coquelicot-MG_7766-retouche-BD-550x367.jpg 550w, https:\/\/www.villa-j.fr\/wp-content\/uploads\/2024\/03\/Coquelicot-MG_7766-retouche-BD-800x534.jpg 800w, https:\/\/www.villa-j.fr\/wp-content\/uploads\/2024\/03\/Coquelicot-MG_7766-retouche-BD-360x240.jpg 360w, https:\/\/www.villa-j.fr\/wp-content\/uploads\/2024\/03\/Coquelicot-MG_7766-retouche-BD-768x512.jpg 768w\" sizes=\"auto, (max-width: 1000px) 100vw, 1000px\" \/><\/figure>\n<\/figure>\n\n\n\n<div style=\"height:50px\" aria-hidden=\"true\" class=\"wp-block-spacer\"><\/div>\n\n\n\n<div class=\"wp-block-media-text has-media-on-the-right is-stacked-on-mobile\"><div class=\"wp-block-media-text__content\">\n<h2 class=\"wp-block-heading\"><strong>An exceptional setting, ideally located<\/strong><\/h2>\n\n\n\n<p>Right in the city center, Villa J benefits from a prime location <strong>in close proximity to restaurants<\/strong>, shops and services, as well as the <strong>city&#8217;s unique heritage<\/strong> listed as a UNESCO World Heritage site. Perfectly accessible, it is located 20 meters from <strong>parking<\/strong>, a 20-minute walk from the <strong>SNCF train station<\/strong> and 5 minutes from the <strong>highway<\/strong>.<\/p>\n\n\n\n<p>This unique place offers a setting where creativity, history and conviviality blend together. <strong>Ideally located and perfectly equipped<\/strong>, it provides the perfect haven to bring your professional or cultural projects to life in the distinctive spirit of Provence.<\/p>\n<\/div><figure class=\"wp-block-media-text__media\"><img loading=\"lazy\" decoding=\"async\" width=\"800\" height=\"800\" src=\"https:\/\/www.villa-j.fr\/wp-content\/uploads\/2025\/07\/VillaJ_jardin_nidEcoute_recadree.jpg\" alt=\"\" class=\"wp-image-52331 size-full\" srcset=\"https:\/\/www.villa-j.fr\/wp-content\/uploads\/2025\/07\/VillaJ_jardin_nidEcoute_recadree.jpg 800w, https:\/\/www.villa-j.fr\/wp-content\/uploads\/2025\/07\/VillaJ_jardin_nidEcoute_recadree-550x550.jpg 550w, https:\/\/www.villa-j.fr\/wp-content\/uploads\/2025\/07\/VillaJ_jardin_nidEcoute_recadree-360x360.jpg 360w, https:\/\/www.villa-j.fr\/wp-content\/uploads\/2025\/07\/VillaJ_jardin_nidEcoute_recadree-768x768.jpg 768w\" sizes=\"auto, (max-width: 800px) 100vw, 800px\" \/><\/figure><\/div>\n\n\n\n<div style=\"height:100px\" aria-hidden=\"true\" class=\"wp-block-spacer\"><\/div>\n","protected":false},"excerpt":{"rendered":"<p>An architectural heritage Villa J bears witness to the exceptional architectural legacy of the 1950s when Arles underwent a reconstruction program led by architects Pierre Vago and Jacques Van Migom. Several districts of the city are designed by these disciples of Le Corbusier. This architect-designed villa, Van Migom&#8217;s house, embodies the spirit of modern art [&hellip;]<\/p>\n","protected":false},"author":1,"featured_media":0,"parent":0,"menu_order":0,"comment_status":"closed","ping_status":"closed","template":"","meta":{"_acf_changed":false,"footnotes":""},"class_list":["post-52355","page","type-page","status-publish","hentry"],"acf":[],"yoast_head":"<!-- This site is optimized with the Yoast SEO plugin v26.9 - https:\/\/yoast.com\/product\/yoast-seo-wordpress\/ -->\n<title>Spirit - Villa J<\/title>\n<meta name=\"robots\" content=\"index, follow, max-snippet:-1, max-image-preview:large, max-video-preview:-1\" \/>\n<link rel=\"canonical\" href=\"https:\/\/www.villa-j.fr\/en\/spirit\/\" \/>\n<meta property=\"og:locale\" content=\"en_US\" \/>\n<meta property=\"og:type\" content=\"article\" \/>\n<meta property=\"og:title\" content=\"Spirit - Villa J\" \/>\n<meta property=\"og:description\" content=\"An architectural heritage Villa J bears witness to the exceptional architectural legacy of the 1950s when Arles underwent a reconstruction program led by architects Pierre Vago and Jacques Van Migom. Several districts of the city are designed by these disciples of Le Corbusier. This architect-designed villa, Van Migom&#8217;s house, embodies the spirit of modern art [&hellip;]\" \/>\n<meta property=\"og:url\" content=\"https:\/\/www.villa-j.fr\/en\/spirit\/\" \/>\n<meta property=\"og:site_name\" content=\"Villa J\" \/>\n<meta property=\"article:publisher\" content=\"https:\/\/www.facebook.com\/EspaceVillaJ\" \/>\n<meta property=\"article:modified_time\" content=\"2026-02-05T13:38:14+00:00\" \/>\n<meta property=\"og:image\" content=\"https:\/\/www.villa-j.fr\/wp-content\/uploads\/2025\/07\/VillaJ_exterieur.jpg\" \/>\n\t<meta property=\"og:image:width\" content=\"1000\" \/>\n\t<meta property=\"og:image:height\" content=\"1000\" \/>\n\t<meta property=\"og:image:type\" content=\"image\/jpeg\" \/>\n<meta name=\"twitter:card\" content=\"summary_large_image\" \/>\n<meta name=\"twitter:label1\" content=\"Est. reading time\" \/>\n\t<meta name=\"twitter:data1\" content=\"3 minutes\" \/>\n<!-- \/ Yoast SEO plugin. -->","yoast_head_json":{"title":"Spirit - Villa J","robots":{"index":"index","follow":"follow","max-snippet":"max-snippet:-1","max-image-preview":"max-image-preview:large","max-video-preview":"max-video-preview:-1"},"canonical":"https:\/\/www.villa-j.fr\/en\/spirit\/","og_locale":"en_US","og_type":"article","og_title":"Spirit - Villa J","og_description":"An architectural heritage Villa J bears witness to the exceptional architectural legacy of the 1950s when Arles underwent a reconstruction program led by architects Pierre Vago and Jacques Van Migom. Several districts of the city are designed by these disciples of Le Corbusier. This architect-designed villa, Van Migom&#8217;s house, embodies the spirit of modern art [&hellip;]","og_url":"https:\/\/www.villa-j.fr\/en\/spirit\/","og_site_name":"Villa J","article_publisher":"https:\/\/www.facebook.com\/EspaceVillaJ","article_modified_time":"2026-02-05T13:38:14+00:00","og_image":[{"width":1000,"height":1000,"url":"https:\/\/www.villa-j.fr\/wp-content\/uploads\/2025\/07\/VillaJ_exterieur.jpg","type":"image\/jpeg"}],"twitter_card":"summary_large_image","twitter_misc":{"Est. reading time":"3 minutes"},"schema":{"@context":"https:\/\/schema.org","@graph":[{"@type":"WebPage","@id":"https:\/\/www.villa-j.fr\/en\/spirit\/","url":"https:\/\/www.villa-j.fr\/en\/spirit\/","name":"Spirit - Villa J","isPartOf":{"@id":"https:\/\/www.villa-j.fr\/en\/#website"},"primaryImageOfPage":{"@id":"https:\/\/www.villa-j.fr\/en\/spirit\/#primaryimage"},"image":{"@id":"https:\/\/www.villa-j.fr\/en\/spirit\/#primaryimage"},"thumbnailUrl":"https:\/\/www.villa-j.fr\/wp-content\/uploads\/2025\/07\/VillaJ_exterieur.jpg","datePublished":"2024-03-27T11:12:26+00:00","dateModified":"2026-02-05T13:38:14+00:00","breadcrumb":{"@id":"https:\/\/www.villa-j.fr\/en\/spirit\/#breadcrumb"},"inLanguage":"en-US","potentialAction":[{"@type":"ReadAction","target":["https:\/\/www.villa-j.fr\/en\/spirit\/"]}]},{"@type":"ImageObject","inLanguage":"en-US","@id":"https:\/\/www.villa-j.fr\/en\/spirit\/#primaryimage","url":"https:\/\/www.villa-j.fr\/wp-content\/uploads\/2025\/07\/VillaJ_exterieur.jpg","contentUrl":"https:\/\/www.villa-j.fr\/wp-content\/uploads\/2025\/07\/VillaJ_exterieur.jpg"},{"@type":"BreadcrumbList","@id":"https:\/\/www.villa-j.fr\/en\/spirit\/#breadcrumb","itemListElement":[{"@type":"ListItem","position":1,"name":"Accueil","item":"https:\/\/www.villa-j.fr\/en\/"},{"@type":"ListItem","position":2,"name":"Spirit"}]},{"@type":"WebSite","@id":"https:\/\/www.villa-j.fr\/en\/#website","url":"https:\/\/www.villa-j.fr\/en\/","name":"Villa J","description":"Un lieu pour vos formations, s\u00e9minaires, coworking, r\u00e9unions profesionnelles, \u00e9v\u00e8nements culturels et expositions \u00e0 Arles","publisher":{"@id":"https:\/\/www.villa-j.fr\/en\/#organization"},"potentialAction":[{"@type":"SearchAction","target":{"@type":"EntryPoint","urlTemplate":"https:\/\/www.villa-j.fr\/en\/?s={search_term_string}"},"query-input":{"@type":"PropertyValueSpecification","valueRequired":true,"valueName":"search_term_string"}}],"inLanguage":"en-US"},{"@type":"Organization","@id":"https:\/\/www.villa-j.fr\/en\/#organization","name":"Villa J","url":"https:\/\/www.villa-j.fr\/en\/","logo":{"@type":"ImageObject","inLanguage":"en-US","@id":"https:\/\/www.villa-j.fr\/en\/#\/schema\/logo\/image\/","url":"https:\/\/www.villa-j.fr\/wp-content\/uploads\/2025\/07\/favicon.png","contentUrl":"https:\/\/www.villa-j.fr\/wp-content\/uploads\/2025\/07\/favicon.png","width":1067,"height":1067,"caption":"Villa J"},"image":{"@id":"https:\/\/www.villa-j.fr\/en\/#\/schema\/logo\/image\/"},"sameAs":["https:\/\/www.facebook.com\/EspaceVillaJ"]}]}},"_links":{"self":[{"href":"https:\/\/www.villa-j.fr\/en\/wp-json\/wp\/v2\/pages\/52355","targetHints":{"allow":["GET"]}}],"collection":[{"href":"https:\/\/www.villa-j.fr\/en\/wp-json\/wp\/v2\/pages"}],"about":[{"href":"https:\/\/www.villa-j.fr\/en\/wp-json\/wp\/v2\/types\/page"}],"author":[{"embeddable":true,"href":"https:\/\/www.villa-j.fr\/en\/wp-json\/wp\/v2\/users\/1"}],"replies":[{"embeddable":true,"href":"https:\/\/www.villa-j.fr\/en\/wp-json\/wp\/v2\/comments?post=52355"}],"version-history":[{"count":4,"href":"https:\/\/www.villa-j.fr\/en\/wp-json\/wp\/v2\/pages\/52355\/revisions"}],"predecessor-version":[{"id":52855,"href":"https:\/\/www.villa-j.fr\/en\/wp-json\/wp\/v2\/pages\/52355\/revisions\/52855"}],"wp:attachment":[{"href":"https:\/\/www.villa-j.fr\/en\/wp-json\/wp\/v2\/media?parent=52355"}],"curies":[{"name":"wp","href":"https:\/\/api.w.org\/{rel}","templated":true}]}}

<div class="chapo">
	In the 1950s, Jacques Van Migom designed this architect&#8217;s villa inspired by modern art. Today, Villa J perpetuates this creative spirit in service of your projects in Arles.
</div>



<div class="wp-block-media-text is-stacked-on-mobile"><figure class="wp-block-media-text__media"><img loading="lazy" decoding="async" width="1000" height="1000" src="https://www.villa-j.fr/wp-content/uploads/2025/07/VillaJ_exterieur.jpg" alt="Extérieur de la Villa J" class="wp-image-52073 size-full" srcset="https://www.villa-j.fr/wp-content/uploads/2025/07/VillaJ_exterieur.jpg 1000w, https://www.villa-j.fr/wp-content/uploads/2025/07/VillaJ_exterieur-550x550.jpg 550w, https://www.villa-j.fr/wp-content/uploads/2025/07/VillaJ_exterieur-800x800.jpg 800w, https://www.villa-j.fr/wp-content/uploads/2025/07/VillaJ_exterieur-360x360.jpg 360w, https://www.villa-j.fr/wp-content/uploads/2025/07/VillaJ_exterieur-768x768.jpg 768w" sizes="auto, (max-width: 1000px) 100vw, 1000px" /></figure><div class="wp-block-media-text__content">
<h2 class="wp-block-heading">An architectural heritage</h2>



<p>Villa J bears witness to <strong>the exceptional architectural legacy of the 1950s</strong> when Arles underwent a reconstruction program led by architects Pierre Vago and Jacques Van Migom. Several districts of the city are designed by these disciples of Le Corbusier. This <strong>architect-designed villa, Van Migom&#8217;s house</strong>, embodies <strong>the spirit of modern art</strong> with a <strong>Riviera charm</strong> and <strong>Tuscan inspiration</strong>.</p>



<p>Renovated in 2014, this place has preserved its calm, modern and bright character. <strong>Its shaded garden</strong> forms a precious green haven, a <strong>true oasis of tranquility in the heart of the Camargue city</strong>. Today, Villa J flourishes as a <strong>creative and cultural space</strong>, a place for meetings and discoveries where art and architecture dialogue in an <strong>exceptional setting in the heart of Arles</strong>.</p>
</div></div>



<figure class="wp-block-pullquote"><blockquote><p>Between architectural memory and contemporary dynamism, Villa J reinvents the art of working together.</p></blockquote></figure>



<figure class="wp-block-gallery has-nested-images columns-3 is-cropped wp-block-gallery-1 is-layout-flex wp-block-gallery-is-layout-flex">
<figure class="wp-block-image size-large"><img loading="lazy" decoding="async" width="1000" height="667" data-id="52319" src="https://www.villa-j.fr/wp-content/uploads/2025/07/VillaJ_exterieur_ambiance_table.jpg" alt="" class="wp-image-52319" srcset="https://www.villa-j.fr/wp-content/uploads/2025/07/VillaJ_exterieur_ambiance_table.jpg 1000w, https://www.villa-j.fr/wp-content/uploads/2025/07/VillaJ_exterieur_ambiance_table-550x367.jpg 550w, https://www.villa-j.fr/wp-content/uploads/2025/07/VillaJ_exterieur_ambiance_table-800x534.jpg 800w, https://www.villa-j.fr/wp-content/uploads/2025/07/VillaJ_exterieur_ambiance_table-360x240.jpg 360w, https://www.villa-j.fr/wp-content/uploads/2025/07/VillaJ_exterieur_ambiance_table-768x512.jpg 768w" sizes="auto, (max-width: 1000px) 100vw, 1000px" /></figure>



<figure class="wp-block-image size-full"><img loading="lazy" decoding="async" width="1000" height="666" data-id="52313" src="https://www.villa-j.fr/wp-content/uploads/2025/07/Numero-MG_7711-retouche-BD.jpg" alt="" class="wp-image-52313" srcset="https://www.villa-j.fr/wp-content/uploads/2025/07/Numero-MG_7711-retouche-BD.jpg 1000w, https://www.villa-j.fr/wp-content/uploads/2025/07/Numero-MG_7711-retouche-BD-550x366.jpg 550w, https://www.villa-j.fr/wp-content/uploads/2025/07/Numero-MG_7711-retouche-BD-800x533.jpg 800w, https://www.villa-j.fr/wp-content/uploads/2025/07/Numero-MG_7711-retouche-BD-360x240.jpg 360w, https://www.villa-j.fr/wp-content/uploads/2025/07/Numero-MG_7711-retouche-BD-768x511.jpg 768w" sizes="auto, (max-width: 1000px) 100vw, 1000px" /></figure>



<figure class="wp-block-image size-full"><img loading="lazy" decoding="async" width="1000" height="667" data-id="52098" src="https://www.villa-j.fr/wp-content/uploads/2024/03/Coquelicot-MG_7766-retouche-BD.jpg" alt="" class="wp-image-52098" srcset="https://www.villa-j.fr/wp-content/uploads/2024/03/Coquelicot-MG_7766-retouche-BD.jpg 1000w, https://www.villa-j.fr/wp-content/uploads/2024/03/Coquelicot-MG_7766-retouche-BD-550x367.jpg 550w, https://www.villa-j.fr/wp-content/uploads/2024/03/Coquelicot-MG_7766-retouche-BD-800x534.jpg 800w, https://www.villa-j.fr/wp-content/uploads/2024/03/Coquelicot-MG_7766-retouche-BD-360x240.jpg 360w, https://www.villa-j.fr/wp-content/uploads/2024/03/Coquelicot-MG_7766-retouche-BD-768x512.jpg 768w" sizes="auto, (max-width: 1000px) 100vw, 1000px" /></figure>
</figure>



<div style="height:50px" aria-hidden="true" class="wp-block-spacer"></div>



<div class="wp-block-media-text has-media-on-the-right is-stacked-on-mobile"><div class="wp-block-media-text__content">
<h2 class="wp-block-heading"><strong>An exceptional setting, ideally located</strong></h2>



<p>Right in the city center, Villa J benefits from a prime location <strong>in close proximity to restaurants</strong>, shops and services, as well as the <strong>city&#8217;s unique heritage</strong> listed as a UNESCO World Heritage site. Perfectly accessible, it is located 20 meters from <strong>parking</strong>, a 20-minute walk from the <strong>SNCF train station</strong> and 5 minutes from the <strong>highway</strong>.</p>



<p>This unique place offers a setting where creativity, history and conviviality blend together. <strong>Ideally located and perfectly equipped</strong>, it provides the perfect haven to bring your professional or cultural projects to life in the distinctive spirit of Provence.</p>
</div><figure class="wp-block-media-text__media"><img loading="lazy" decoding="async" width="800" height="800" src="https://www.villa-j.fr/wp-content/uploads/2025/07/VillaJ_jardin_nidEcoute_recadree.jpg" alt="" class="wp-image-52331 size-full" srcset="https://www.villa-j.fr/wp-content/uploads/2025/07/VillaJ_jardin_nidEcoute_recadree.jpg 800w, https://www.villa-j.fr/wp-content/uploads/2025/07/VillaJ_jardin_nidEcoute_recadree-550x550.jpg 550w, https://www.villa-j.fr/wp-content/uploads/2025/07/VillaJ_jardin_nidEcoute_recadree-360x360.jpg 360w, https://www.villa-j.fr/wp-content/uploads/2025/07/VillaJ_jardin_nidEcoute_recadree-768x768.jpg 768w" sizes="auto, (max-width: 800px) 100vw, 800px" /></figure></div>



<div style="height:100px" aria-hidden="true" class="wp-block-spacer"></div>

Un lieu pour vos formations, séminaires, coworking, réunions profesionnelles, évènements culturels et expositions à Arles
