{"id":51944,"date":"2021-06-28T16:01:12","date_gmt":"2021-06-28T16:01:12","guid":{"rendered":"https:\/\/www.villa-j.fr\/evenements\/les-salons-de-musique-du-festival-les-suds-2021\/"},"modified":"2025-07-29T08:43:07","modified_gmt":"2025-07-29T08:43:07","slug":"les-salons-de-musique-du-festival-les-suds-2021","status":"publish","type":"evenement","link":"https:\/\/www.villa-j.fr\/en\/evenements\/les-salons-de-musique-du-festival-les-suds-2021\/","title":{"rendered":"Les salons de musique du festival Les Suds 2021"},"content":{"rendered":"\n<div class=\"wp-block-media-text is-stacked-on-mobile\"><figure class=\"wp-block-media-text__media\"><img loading=\"lazy\" decoding=\"async\" width=\"1000\" height=\"667\" src=\"https:\/\/www.villa-j.fr\/wp-content\/uploads\/2024\/03\/LesSuds2018-MG_1064-retouche-BD.jpg\" alt=\"\" class=\"wp-image-157 size-full\" srcset=\"https:\/\/www.villa-j.fr\/wp-content\/uploads\/2024\/03\/LesSuds2018-MG_1064-retouche-BD.jpg 1000w, https:\/\/www.villa-j.fr\/wp-content\/uploads\/2024\/03\/LesSuds2018-MG_1064-retouche-BD-550x367.jpg 550w, https:\/\/www.villa-j.fr\/wp-content\/uploads\/2024\/03\/LesSuds2018-MG_1064-retouche-BD-800x534.jpg 800w, https:\/\/www.villa-j.fr\/wp-content\/uploads\/2024\/03\/LesSuds2018-MG_1064-retouche-BD-360x240.jpg 360w, https:\/\/www.villa-j.fr\/wp-content\/uploads\/2024\/03\/LesSuds2018-MG_1064-retouche-BD-768x512.jpg 768w\" sizes=\"auto, (max-width: 1000px) 100vw, 1000px\" \/><\/figure><div class=\"wp-block-media-text__content\">\n<p><strong>Cette ann\u00e9e encore, la Villa J accueille les Suds, festival de musiques du monde, pour des salons de musique dans le jardin. Chaque ann\u00e9e, des journalistes sp\u00e9cialistes des musiques du monde interviewent les musiciens du festival.&nbsp;<\/strong><\/p>\n\n\n\n<p>Retrouvez les salons de musique les 14, 15, 16 et 17 juillet \u00e0 16h30 dans le jardin de la Villa J.<br>Nombre de places limit\u00e9. Pas de r\u00e9servation.<\/p>\n\n\n\n<ul class=\"wp-block-list\">\n<li><strong>Samedi 17 juillet<\/strong> : <a href=\"https:\/\/www.suds-arles.com\/fr\/2021\/festival\/quand-la-musique-sert-emancipation-8316\" target=\"_blank\" rel=\"noreferrer noopener\">plateau M\u00e9diapart &#8220;Quand la musique sert d&#8217;\u00e9mancipation&#8221;<\/a><\/li>\n\n\n\n<li><strong>Mercredi 14 juillet<\/strong> : <a href=\"https:\/\/www.suds-arles.com\/fr\/2021\/festival\/aida-nosrat-&amp;-hortense-volle-8313\" target=\"_blank\" rel=\"noreferrer noopener\">A\u00efda Nosrat et Hortense Volle<\/a><\/li>\n\n\n\n<li><strong>Jeudi 15 juillet <\/strong>: <a href=\"https:\/\/www.suds-arles.com\/fr\/2021\/festival\/souad-massi-&amp;-sabrina-kassa-8314\" target=\"_blank\" rel=\"noreferrer noopener\">Souad Massi et Sabrina Kassa<\/a><\/li>\n\n\n\n<li><strong>Vendredi 16 juillet <\/strong>: Leyla McCalla et Patrick Labesse<\/li>\n<\/ul>\n<\/div><\/div>\n","protected":false},"featured_media":51804,"template":"","type_d_evenement":[6],"class_list":["post-51944","evenement","type-evenement","status-publish","has-post-thumbnail","hentry","type_d_evenement-rencontre"],"acf":[],"yoast_head":"<!-- This site is optimized with the Yoast SEO plugin v26.9 - https:\/\/yoast.com\/product\/yoast-seo-wordpress\/ -->\n<title>Les salons de musique du festival Les Suds 2021 - Villa J<\/title>\n<meta name=\"robots\" content=\"index, follow, max-snippet:-1, max-image-preview:large, max-video-preview:-1\" \/>\n<link rel=\"canonical\" href=\"https:\/\/www.villa-j.fr\/en\/evenements\/les-salons-de-musique-du-festival-les-suds-2021\/\" \/>\n<meta property=\"og:locale\" content=\"en_US\" \/>\n<meta property=\"og:type\" content=\"article\" \/>\n<meta property=\"og:title\" content=\"Les salons de musique du festival Les Suds 2021 - Villa J\" \/>\n<meta property=\"og:url\" content=\"https:\/\/www.villa-j.fr\/en\/evenements\/les-salons-de-musique-du-festival-les-suds-2021\/\" \/>\n<meta property=\"og:site_name\" content=\"Villa J\" \/>\n<meta property=\"article:publisher\" content=\"https:\/\/www.facebook.com\/EspaceVillaJ\" \/>\n<meta property=\"article:modified_time\" content=\"2025-07-29T08:43:07+00:00\" \/>\n<meta property=\"og:image\" content=\"https:\/\/www.villa-j.fr\/wp-content\/uploads\/2021\/06\/lesSuds-2021.png\" \/>\n\t<meta property=\"og:image:width\" content=\"593\" \/>\n\t<meta property=\"og:image:height\" content=\"378\" \/>\n\t<meta property=\"og:image:type\" content=\"image\/png\" \/>\n<meta name=\"twitter:card\" content=\"summary_large_image\" \/>\n<meta name=\"twitter:label1\" content=\"Est. reading time\" \/>\n\t<meta name=\"twitter:data1\" content=\"1 minute\" \/>\n<!-- \/ Yoast SEO plugin. -->","yoast_head_json":{"title":"Les salons de musique du festival Les Suds 2021 - Villa J","robots":{"index":"index","follow":"follow","max-snippet":"max-snippet:-1","max-image-preview":"max-image-preview:large","max-video-preview":"max-video-preview:-1"},"canonical":"https:\/\/www.villa-j.fr\/en\/evenements\/les-salons-de-musique-du-festival-les-suds-2021\/","og_locale":"en_US","og_type":"article","og_title":"Les salons de musique du festival Les Suds 2021 - Villa J","og_url":"https:\/\/www.villa-j.fr\/en\/evenements\/les-salons-de-musique-du-festival-les-suds-2021\/","og_site_name":"Villa J","article_publisher":"https:\/\/www.facebook.com\/EspaceVillaJ","article_modified_time":"2025-07-29T08:43:07+00:00","og_image":[{"width":593,"height":378,"url":"https:\/\/www.villa-j.fr\/wp-content\/uploads\/2021\/06\/lesSuds-2021.png","type":"image\/png"}],"twitter_card":"summary_large_image","twitter_misc":{"Est. reading time":"1 minute"},"schema":{"@context":"https:\/\/schema.org","@graph":[{"@type":"WebPage","@id":"https:\/\/www.villa-j.fr\/en\/evenements\/les-salons-de-musique-du-festival-les-suds-2021\/","url":"https:\/\/www.villa-j.fr\/en\/evenements\/les-salons-de-musique-du-festival-les-suds-2021\/","name":"Les salons de musique du festival Les Suds 2021 - Villa J","isPartOf":{"@id":"https:\/\/www.villa-j.fr\/en\/#website"},"primaryImageOfPage":{"@id":"https:\/\/www.villa-j.fr\/en\/evenements\/les-salons-de-musique-du-festival-les-suds-2021\/#primaryimage"},"image":{"@id":"https:\/\/www.villa-j.fr\/en\/evenements\/les-salons-de-musique-du-festival-les-suds-2021\/#primaryimage"},"thumbnailUrl":"https:\/\/www.villa-j.fr\/wp-content\/uploads\/2021\/06\/lesSuds-2021.png","datePublished":"2021-06-28T16:01:12+00:00","dateModified":"2025-07-29T08:43:07+00:00","breadcrumb":{"@id":"https:\/\/www.villa-j.fr\/en\/evenements\/les-salons-de-musique-du-festival-les-suds-2021\/#breadcrumb"},"inLanguage":"en-US","potentialAction":[{"@type":"ReadAction","target":["https:\/\/www.villa-j.fr\/en\/evenements\/les-salons-de-musique-du-festival-les-suds-2021\/"]}]},{"@type":"ImageObject","inLanguage":"en-US","@id":"https:\/\/www.villa-j.fr\/en\/evenements\/les-salons-de-musique-du-festival-les-suds-2021\/#primaryimage","url":"https:\/\/www.villa-j.fr\/wp-content\/uploads\/2021\/06\/lesSuds-2021.png","contentUrl":"https:\/\/www.villa-j.fr\/wp-content\/uploads\/2021\/06\/lesSuds-2021.png","width":593,"height":378},{"@type":"BreadcrumbList","@id":"https:\/\/www.villa-j.fr\/en\/evenements\/les-salons-de-musique-du-festival-les-suds-2021\/#breadcrumb","itemListElement":[{"@type":"ListItem","position":1,"name":"Accueil","item":"https:\/\/www.villa-j.fr\/en\/"},{"@type":"ListItem","position":2,"name":"\u00c9v\u00e8nements","item":"https:\/\/www.villa-j.fr\/en\/events\/"},{"@type":"ListItem","position":3,"name":"Les salons de musique du festival Les Suds 2021"}]},{"@type":"WebSite","@id":"https:\/\/www.villa-j.fr\/en\/#website","url":"https:\/\/www.villa-j.fr\/en\/","name":"Villa J","description":"Un lieu pour vos formations, s\u00e9minaires, coworking, r\u00e9unions profesionnelles, \u00e9v\u00e8nements culturels et expositions \u00e0 Arles","publisher":{"@id":"https:\/\/www.villa-j.fr\/en\/#organization"},"potentialAction":[{"@type":"SearchAction","target":{"@type":"EntryPoint","urlTemplate":"https:\/\/www.villa-j.fr\/en\/?s={search_term_string}"},"query-input":{"@type":"PropertyValueSpecification","valueRequired":true,"valueName":"search_term_string"}}],"inLanguage":"en-US"},{"@type":"Organization","@id":"https:\/\/www.villa-j.fr\/en\/#organization","name":"Villa J","url":"https:\/\/www.villa-j.fr\/en\/","logo":{"@type":"ImageObject","inLanguage":"en-US","@id":"https:\/\/www.villa-j.fr\/en\/#\/schema\/logo\/image\/","url":"https:\/\/www.villa-j.fr\/wp-content\/uploads\/2025\/07\/favicon.png","contentUrl":"https:\/\/www.villa-j.fr\/wp-content\/uploads\/2025\/07\/favicon.png","width":1067,"height":1067,"caption":"Villa J"},"image":{"@id":"https:\/\/www.villa-j.fr\/en\/#\/schema\/logo\/image\/"},"sameAs":["https:\/\/www.facebook.com\/EspaceVillaJ"]}]}},"_links":{"self":[{"href":"https:\/\/www.villa-j.fr\/en\/wp-json\/wp\/v2\/evenement\/51944","targetHints":{"allow":["GET"]}}],"collection":[{"href":"https:\/\/www.villa-j.fr\/en\/wp-json\/wp\/v2\/evenement"}],"about":[{"href":"https:\/\/www.villa-j.fr\/en\/wp-json\/wp\/v2\/types\/evenement"}],"wp:featuredmedia":[{"embeddable":true,"href":"https:\/\/www.villa-j.fr\/en\/wp-json\/wp\/v2\/media\/51804"}],"wp:attachment":[{"href":"https:\/\/www.villa-j.fr\/en\/wp-json\/wp\/v2\/media?parent=51944"}],"wp:term":[{"taxonomy":"type_d_evenement","embeddable":true,"href":"https:\/\/www.villa-j.fr\/en\/wp-json\/wp\/v2\/type_d_evenement?post=51944"}],"curies":[{"name":"wp","href":"https:\/\/api.w.org\/{rel}","templated":true}]}}

<div class="wp-block-media-text is-stacked-on-mobile"><figure class="wp-block-media-text__media"><img loading="lazy" decoding="async" width="1000" height="667" src="https://www.villa-j.fr/wp-content/uploads/2024/03/LesSuds2018-MG_1064-retouche-BD.jpg" alt="" class="wp-image-157 size-full" srcset="https://www.villa-j.fr/wp-content/uploads/2024/03/LesSuds2018-MG_1064-retouche-BD.jpg 1000w, https://www.villa-j.fr/wp-content/uploads/2024/03/LesSuds2018-MG_1064-retouche-BD-550x367.jpg 550w, https://www.villa-j.fr/wp-content/uploads/2024/03/LesSuds2018-MG_1064-retouche-BD-800x534.jpg 800w, https://www.villa-j.fr/wp-content/uploads/2024/03/LesSuds2018-MG_1064-retouche-BD-360x240.jpg 360w, https://www.villa-j.fr/wp-content/uploads/2024/03/LesSuds2018-MG_1064-retouche-BD-768x512.jpg 768w" sizes="auto, (max-width: 1000px) 100vw, 1000px" /></figure><div class="wp-block-media-text__content">
<p><strong>Cette année encore, la Villa J accueille les Suds, festival de musiques du monde, pour des salons de musique dans le jardin. Chaque année, des journalistes spécialistes des musiques du monde interviewent les musiciens du festival.&nbsp;</strong></p>



<p>Retrouvez les salons de musique les 14, 15, 16 et 17 juillet à 16h30 dans le jardin de la Villa J.<br>Nombre de places limité. Pas de réservation.</p>



<ul class="wp-block-list">
<li><strong>Samedi 17 juillet</strong> : <a href="https://www.suds-arles.com/fr/2021/festival/quand-la-musique-sert-emancipation-8316" target="_blank" rel="noreferrer noopener">plateau Médiapart &#8220;Quand la musique sert d&#8217;émancipation&#8221;</a></li>



<li><strong>Mercredi 14 juillet</strong> : <a href="https://www.suds-arles.com/fr/2021/festival/aida-nosrat-&amp;-hortense-volle-8313" target="_blank" rel="noreferrer noopener">Aïda Nosrat et Hortense Volle</a></li>



<li><strong>Jeudi 15 juillet </strong>: <a href="https://www.suds-arles.com/fr/2021/festival/souad-massi-&amp;-sabrina-kassa-8314" target="_blank" rel="noreferrer noopener">Souad Massi et Sabrina Kassa</a></li>



<li><strong>Vendredi 16 juillet </strong>: Leyla McCalla et Patrick Labesse</li>
</ul>
</div></div>

Évènements

Un lieu pour vos formations, séminaires, coworking, réunions profesionnelles, évènements culturels et expositions à Arles
