{"id":51941,"date":"2019-09-26T11:03:54","date_gmt":"2019-09-26T11:03:54","guid":{"rendered":"https:\/\/www.villa-j.fr\/evenements\/arles-se-livre-2019\/"},"modified":"2025-07-29T08:56:40","modified_gmt":"2025-07-29T08:56:40","slug":"arles-se-livre-2019","status":"publish","type":"evenement","link":"https:\/\/www.villa-j.fr\/en\/evenements\/arles-se-livre-2019\/","title":{"rendered":"Arles se livre 2019"},"content":{"rendered":"\n<figure class=\"wp-block-image size-large\"><img decoding=\"async\" src=\"https:\/\/www.villa-j.fr\/wp-content\/uploads\/2019\/02\/festival-arles-se-livre-2019-une-1024x492.jpg\" alt=\"\" class=\"wp-image-51621\"\/><\/figure>\n\n\n\n<div class=\"wp-block-group\"><div class=\"wp-block-group__inner-container is-layout-constrained wp-block-group-is-layout-constrained\">\n<div class=\"wp-block-columns is-layout-flex wp-container-core-columns-is-layout-9d6595d7 wp-block-columns-is-layout-flex\">\n<div class=\"wp-block-column is-layout-flow wp-block-column-is-layout-flow\" style=\"flex-basis:33.33%\"><\/div>\n\n\n\n<div class=\"wp-block-column is-layout-flow wp-block-column-is-layout-flow\" style=\"flex-basis:66.66%\"><\/div>\n<\/div>\n<\/div><\/div>\n\n\n\n<h2 class=\"wp-block-heading\">EXPOSITION Images-valises<\/h2>\n\n\n\n<p>Figuratives ou abstraites, p\u00e9tillantes ou monochromes, \u00e9dit\u00e9es selon divers modes d\u2019impression, les images pr\u00e9sent\u00e9es dans cette exposition refl\u00e8tent une diversit\u00e9 propre aux pratiques artistiques d\u2019aujourd\u2019hui, un go\u00fbt singulier pour le livre de jeunesse et pour l\u2019enfance.<\/p>\n\n\n\n<p><strong>De vendredi 1<sup>er<\/sup> \u00e0 dimanche 3 mars de 10h \u00e0 18h \u2013 Entr\u00e9e libre<\/strong><\/p>\n\n\n\n<figure class=\"wp-block-gallery has-nested-images columns-default is-cropped wp-block-gallery-1 is-layout-flex wp-block-gallery-is-layout-flex\">\n<figure class=\"wp-block-image size-large\"><img decoding=\"async\" data-id=\"51628\" src=\"https:\/\/www.villa-j.fr\/wp-content\/uploads\/2019\/02\/Images-Valises2-1-1024x683.jpg\" alt=\"\" class=\"wp-image-51628\"\/><\/figure>\n\n\n\n<figure class=\"wp-block-image size-large\"><img decoding=\"async\" data-id=\"51622\" src=\"https:\/\/www.villa-j.fr\/wp-content\/uploads\/2019\/02\/Images-Valises1-1024x683.jpg\" alt=\"\" class=\"wp-image-51622\"\/><\/figure>\n<\/figure>\n\n\n\n<h2 class=\"wp-block-heading\">ATELIER Oh ! Mon bateau<\/h2>\n\n\n\n<p>Au sein de l\u2019exposition Images-Valises, l\u2019illustratrice Lisa Laubreaux propose de cr\u00e9er des posters marins inspir\u00e9s par son ouvrage Oh Mon bateau, publi\u00e9 par Maison Georges.<\/p>\n\n\n\n<p><strong>Samedi 2 mars de 15h \u00e0 17h \u2013 Pour artistes et lecteurs entre 7 et 10 ans \u2013&nbsp;Gratuit.<\/strong><br>Inscription conseill\u00e9e : 06 20 41 00 55<\/p>\n\n\n\n<figure class=\"wp-block-gallery has-nested-images columns-default is-cropped wp-block-gallery-2 is-layout-flex wp-block-gallery-is-layout-flex\">\n<figure class=\"wp-block-image size-large\"><img decoding=\"async\" data-id=\"51629\" src=\"https:\/\/www.villa-j.fr\/wp-content\/uploads\/2019\/02\/laubreaux1-1-1024x683.jpg\" alt=\"\" class=\"wp-image-51629\"\/><\/figure>\n\n\n\n<figure class=\"wp-block-image size-large\"><img decoding=\"async\" data-id=\"51630\" src=\"https:\/\/www.villa-j.fr\/wp-content\/uploads\/2019\/02\/laubreaux3-2-1024x683.jpg\" alt=\"\" class=\"wp-image-51630\"\/><\/figure>\n<\/figure>\n\n\n\n<h2 class=\"wp-block-heading\">LIVRES Une biblioth\u00e8que de poche<\/h2>\n\n\n\n<p>Une biblioth\u00e8que de poche est mise \u00e0 disposition sous la forme de valises contenant une s\u00e9lection de livres illustr\u00e9s pour les grands et les petits : une entr\u00e9e dans la lecture par l\u2019image.<\/p>\n\n\n\n<p><strong>De vendredi 1<sup>er<\/sup> \u00e0 dimanche 3 mars de 10h \u00e0 18h \u2013 Entr\u00e9e libre<\/strong><\/p>\n","protected":false},"featured_media":51626,"template":"","type_d_evenement":[7,11,6],"class_list":["post-51941","evenement","type-evenement","status-publish","has-post-thumbnail","hentry","type_d_evenement-atelier","type_d_evenement-exposition","type_d_evenement-rencontre"],"acf":[],"yoast_head":"<!-- This site is optimized with the Yoast SEO plugin v26.9 - https:\/\/yoast.com\/product\/yoast-seo-wordpress\/ -->\n<title>Arles se livre 2019 - Villa J<\/title>\n<meta name=\"robots\" content=\"index, follow, max-snippet:-1, max-image-preview:large, max-video-preview:-1\" \/>\n<link rel=\"canonical\" href=\"https:\/\/www.villa-j.fr\/en\/evenements\/arles-se-livre-2019\/\" \/>\n<meta property=\"og:locale\" content=\"en_US\" \/>\n<meta property=\"og:type\" content=\"article\" \/>\n<meta property=\"og:title\" content=\"Arles se livre 2019 - Villa J\" \/>\n<meta property=\"og:description\" content=\"EXPOSITION Images-valises Figuratives ou abstraites, p\u00e9tillantes ou monochromes, \u00e9dit\u00e9es selon divers modes d\u2019impression, les images pr\u00e9sent\u00e9es dans cette exposition refl\u00e8tent une diversit\u00e9 propre aux pratiques artistiques d\u2019aujourd\u2019hui, un go\u00fbt singulier pour le livre de jeunesse et pour l\u2019enfance. De vendredi 1er \u00e0 dimanche 3 mars de 10h \u00e0 18h \u2013 Entr\u00e9e libre ATELIER Oh ! [&hellip;]\" \/>\n<meta property=\"og:url\" content=\"https:\/\/www.villa-j.fr\/en\/evenements\/arles-se-livre-2019\/\" \/>\n<meta property=\"og:site_name\" content=\"Villa J\" \/>\n<meta property=\"article:publisher\" content=\"https:\/\/www.facebook.com\/EspaceVillaJ\" \/>\n<meta property=\"article:modified_time\" content=\"2025-07-29T08:56:40+00:00\" \/>\n<meta property=\"og:image\" content=\"https:\/\/www.villa-j.fr\/wp-content\/uploads\/2019\/02\/laubreaux1-scaled.jpg\" \/>\n\t<meta property=\"og:image:width\" content=\"2560\" \/>\n\t<meta property=\"og:image:height\" content=\"1707\" \/>\n\t<meta property=\"og:image:type\" content=\"image\/jpeg\" \/>\n<meta name=\"twitter:card\" content=\"summary_large_image\" \/>\n<meta name=\"twitter:label1\" content=\"Est. reading time\" \/>\n\t<meta name=\"twitter:data1\" content=\"2 minutes\" \/>\n<!-- \/ Yoast SEO plugin. -->","yoast_head_json":{"title":"Arles se livre 2019 - Villa J","robots":{"index":"index","follow":"follow","max-snippet":"max-snippet:-1","max-image-preview":"max-image-preview:large","max-video-preview":"max-video-preview:-1"},"canonical":"https:\/\/www.villa-j.fr\/en\/evenements\/arles-se-livre-2019\/","og_locale":"en_US","og_type":"article","og_title":"Arles se livre 2019 - Villa J","og_description":"EXPOSITION Images-valises Figuratives ou abstraites, p\u00e9tillantes ou monochromes, \u00e9dit\u00e9es selon divers modes d\u2019impression, les images pr\u00e9sent\u00e9es dans cette exposition refl\u00e8tent une diversit\u00e9 propre aux pratiques artistiques d\u2019aujourd\u2019hui, un go\u00fbt singulier pour le livre de jeunesse et pour l\u2019enfance. De vendredi 1er \u00e0 dimanche 3 mars de 10h \u00e0 18h \u2013 Entr\u00e9e libre ATELIER Oh ! [&hellip;]","og_url":"https:\/\/www.villa-j.fr\/en\/evenements\/arles-se-livre-2019\/","og_site_name":"Villa J","article_publisher":"https:\/\/www.facebook.com\/EspaceVillaJ","article_modified_time":"2025-07-29T08:56:40+00:00","og_image":[{"width":2560,"height":1707,"url":"https:\/\/www.villa-j.fr\/wp-content\/uploads\/2019\/02\/laubreaux1-scaled.jpg","type":"image\/jpeg"}],"twitter_card":"summary_large_image","twitter_misc":{"Est. reading time":"2 minutes"},"schema":{"@context":"https:\/\/schema.org","@graph":[{"@type":"WebPage","@id":"https:\/\/www.villa-j.fr\/en\/evenements\/arles-se-livre-2019\/","url":"https:\/\/www.villa-j.fr\/en\/evenements\/arles-se-livre-2019\/","name":"Arles se livre 2019 - Villa J","isPartOf":{"@id":"https:\/\/www.villa-j.fr\/en\/#website"},"primaryImageOfPage":{"@id":"https:\/\/www.villa-j.fr\/en\/evenements\/arles-se-livre-2019\/#primaryimage"},"image":{"@id":"https:\/\/www.villa-j.fr\/en\/evenements\/arles-se-livre-2019\/#primaryimage"},"thumbnailUrl":"https:\/\/www.villa-j.fr\/wp-content\/uploads\/2019\/02\/laubreaux1-scaled.jpg","datePublished":"2019-09-26T11:03:54+00:00","dateModified":"2025-07-29T08:56:40+00:00","breadcrumb":{"@id":"https:\/\/www.villa-j.fr\/en\/evenements\/arles-se-livre-2019\/#breadcrumb"},"inLanguage":"en-US","potentialAction":[{"@type":"ReadAction","target":["https:\/\/www.villa-j.fr\/en\/evenements\/arles-se-livre-2019\/"]}]},{"@type":"ImageObject","inLanguage":"en-US","@id":"https:\/\/www.villa-j.fr\/en\/evenements\/arles-se-livre-2019\/#primaryimage","url":"https:\/\/www.villa-j.fr\/wp-content\/uploads\/2019\/02\/laubreaux1-scaled.jpg","contentUrl":"https:\/\/www.villa-j.fr\/wp-content\/uploads\/2019\/02\/laubreaux1-scaled.jpg","width":2560,"height":1707},{"@type":"BreadcrumbList","@id":"https:\/\/www.villa-j.fr\/en\/evenements\/arles-se-livre-2019\/#breadcrumb","itemListElement":[{"@type":"ListItem","position":1,"name":"Accueil","item":"https:\/\/www.villa-j.fr\/en\/"},{"@type":"ListItem","position":2,"name":"\u00c9v\u00e8nements","item":"https:\/\/www.villa-j.fr\/en\/events\/"},{"@type":"ListItem","position":3,"name":"Arles se livre 2019"}]},{"@type":"WebSite","@id":"https:\/\/www.villa-j.fr\/en\/#website","url":"https:\/\/www.villa-j.fr\/en\/","name":"Villa J","description":"Un lieu pour vos formations, s\u00e9minaires, coworking, r\u00e9unions profesionnelles, \u00e9v\u00e8nements culturels et expositions \u00e0 Arles","publisher":{"@id":"https:\/\/www.villa-j.fr\/en\/#organization"},"potentialAction":[{"@type":"SearchAction","target":{"@type":"EntryPoint","urlTemplate":"https:\/\/www.villa-j.fr\/en\/?s={search_term_string}"},"query-input":{"@type":"PropertyValueSpecification","valueRequired":true,"valueName":"search_term_string"}}],"inLanguage":"en-US"},{"@type":"Organization","@id":"https:\/\/www.villa-j.fr\/en\/#organization","name":"Villa J","url":"https:\/\/www.villa-j.fr\/en\/","logo":{"@type":"ImageObject","inLanguage":"en-US","@id":"https:\/\/www.villa-j.fr\/en\/#\/schema\/logo\/image\/","url":"https:\/\/www.villa-j.fr\/wp-content\/uploads\/2025\/07\/favicon.png","contentUrl":"https:\/\/www.villa-j.fr\/wp-content\/uploads\/2025\/07\/favicon.png","width":1067,"height":1067,"caption":"Villa J"},"image":{"@id":"https:\/\/www.villa-j.fr\/en\/#\/schema\/logo\/image\/"},"sameAs":["https:\/\/www.facebook.com\/EspaceVillaJ"]}]}},"_links":{"self":[{"href":"https:\/\/www.villa-j.fr\/en\/wp-json\/wp\/v2\/evenement\/51941","targetHints":{"allow":["GET"]}}],"collection":[{"href":"https:\/\/www.villa-j.fr\/en\/wp-json\/wp\/v2\/evenement"}],"about":[{"href":"https:\/\/www.villa-j.fr\/en\/wp-json\/wp\/v2\/types\/evenement"}],"wp:featuredmedia":[{"embeddable":true,"href":"https:\/\/www.villa-j.fr\/en\/wp-json\/wp\/v2\/media\/51626"}],"wp:attachment":[{"href":"https:\/\/www.villa-j.fr\/en\/wp-json\/wp\/v2\/media?parent=51941"}],"wp:term":[{"taxonomy":"type_d_evenement","embeddable":true,"href":"https:\/\/www.villa-j.fr\/en\/wp-json\/wp\/v2\/type_d_evenement?post=51941"}],"curies":[{"name":"wp","href":"https:\/\/api.w.org\/{rel}","templated":true}]}}

<figure class="wp-block-image size-large"><img decoding="async" src="https://www.villa-j.fr/wp-content/uploads/2019/02/festival-arles-se-livre-2019-une-1024x492.jpg" alt="" class="wp-image-51621"/></figure>



<div class="wp-block-group"><div class="wp-block-group__inner-container is-layout-constrained wp-block-group-is-layout-constrained">
<div class="wp-block-columns is-layout-flex wp-container-core-columns-is-layout-9d6595d7 wp-block-columns-is-layout-flex">
<div class="wp-block-column is-layout-flow wp-block-column-is-layout-flow" style="flex-basis:33.33%"></div>



<div class="wp-block-column is-layout-flow wp-block-column-is-layout-flow" style="flex-basis:66.66%"></div>
</div>
</div></div>



<h2 class="wp-block-heading">EXPOSITION Images-valises</h2>



<p>Figuratives ou abstraites, pétillantes ou monochromes, éditées selon divers modes d’impression, les images présentées dans cette exposition reflètent une diversité propre aux pratiques artistiques d’aujourd’hui, un goût singulier pour le livre de jeunesse et pour l’enfance.</p>



<p><strong>De vendredi 1<sup>er</sup> à dimanche 3 mars de 10h à 18h – Entrée libre</strong></p>



<figure class="wp-block-gallery has-nested-images columns-default is-cropped wp-block-gallery-1 is-layout-flex wp-block-gallery-is-layout-flex">
<figure class="wp-block-image size-large"><img decoding="async" data-id="51628" src="https://www.villa-j.fr/wp-content/uploads/2019/02/Images-Valises2-1-1024x683.jpg" alt="" class="wp-image-51628"/></figure>



<figure class="wp-block-image size-large"><img decoding="async" data-id="51622" src="https://www.villa-j.fr/wp-content/uploads/2019/02/Images-Valises1-1024x683.jpg" alt="" class="wp-image-51622"/></figure>
</figure>



<h2 class="wp-block-heading">ATELIER Oh ! Mon bateau</h2>



<p>Au sein de l’exposition Images-Valises, l’illustratrice Lisa Laubreaux propose de créer des posters marins inspirés par son ouvrage Oh Mon bateau, publié par Maison Georges.</p>



<p><strong>Samedi 2 mars de 15h à 17h – Pour artistes et lecteurs entre 7 et 10 ans –&nbsp;Gratuit.</strong><br>Inscription conseillée : 06 20 41 00 55</p>



<figure class="wp-block-gallery has-nested-images columns-default is-cropped wp-block-gallery-2 is-layout-flex wp-block-gallery-is-layout-flex">
<figure class="wp-block-image size-large"><img decoding="async" data-id="51629" src="https://www.villa-j.fr/wp-content/uploads/2019/02/laubreaux1-1-1024x683.jpg" alt="" class="wp-image-51629"/></figure>



<figure class="wp-block-image size-large"><img decoding="async" data-id="51630" src="https://www.villa-j.fr/wp-content/uploads/2019/02/laubreaux3-2-1024x683.jpg" alt="" class="wp-image-51630"/></figure>
</figure>



<h2 class="wp-block-heading">LIVRES Une bibliothèque de poche</h2>



<p>Une bibliothèque de poche est mise à disposition sous la forme de valises contenant une sélection de livres illustrés pour les grands et les petits : une entrée dans la lecture par l’image.</p>



<p><strong>De vendredi 1<sup>er</sup> à dimanche 3 mars de 10h à 18h – Entrée libre</strong></p>

<!-- This site is optimized with the Yoast SEO plugin v26.9 - https://yoast.com/product/yoast-seo-wordpress/ -->
<title>Arles se livre 2019 - Villa J</title>
<meta name="robots" content="index, follow, max-snippet:-1, max-image-preview:large, max-video-preview:-1" />
<link rel="canonical" href="https://www.villa-j.fr/en/evenements/arles-se-livre-2019/" />
<meta property="og:locale" content="en_US" />
<meta property="og:type" content="article" />
<meta property="og:title" content="Arles se livre 2019 - Villa J" />
<meta property="og:description" content="EXPOSITION Images-valises Figuratives ou abstraites, pétillantes ou monochromes, éditées selon divers modes d’impression, les images présentées dans cette exposition reflètent une diversité propre aux pratiques artistiques d’aujourd’hui, un goût singulier pour le livre de jeunesse et pour l’enfance. De vendredi 1er à dimanche 3 mars de 10h à 18h – Entrée libre ATELIER Oh ! [&hellip;]" />
<meta property="og:url" content="https://www.villa-j.fr/en/evenements/arles-se-livre-2019/" />
<meta property="og:site_name" content="Villa J" />
<meta property="article:publisher" content="https://www.facebook.com/EspaceVillaJ" />
<meta property="article:modified_time" content="2025-07-29T08:56:40+00:00" />
<meta property="og:image" content="https://www.villa-j.fr/wp-content/uploads/2019/02/laubreaux1-scaled.jpg" />
	<meta property="og:image:width" content="2560" />
	<meta property="og:image:height" content="1707" />
	<meta property="og:image:type" content="image/jpeg" />
<meta name="twitter:card" content="summary_large_image" />
<meta name="twitter:label1" content="Est. reading time" />
	<meta name="twitter:data1" content="2 minutes" />
<!-- / Yoast SEO plugin. -->

EXPOSITION Images-valises Figuratives ou abstraites, pétillantes ou monochromes, éditées selon divers modes d’impression, les images présentées dans cette exposition reflètent une diversité propre aux pratiques artistiques d’aujourd’hui, un goût singulier pour le livre de jeunesse et pour l’enfance. De vendredi 1er à dimanche 3 mars de 10h à 18h – Entrée libre ATELIER Oh ! [&hellip;]

Évènements

Un lieu pour vos formations, séminaires, coworking, réunions profesionnelles, évènements culturels et expositions à Arles
