{"id":51939,"date":"2019-09-25T09:54:25","date_gmt":"2019-09-25T09:54:25","guid":{"rendered":"https:\/\/www.villa-j.fr\/evenements\/les-salons-de-musique-du-festival-les-suds-2018\/"},"modified":"2025-07-29T08:58:18","modified_gmt":"2025-07-29T08:58:18","slug":"les-salons-de-musique-du-festival-les-suds-2018","status":"publish","type":"evenement","link":"https:\/\/www.villa-j.fr\/en\/evenements\/les-salons-de-musique-du-festival-les-suds-2018\/","title":{"rendered":"Les salons de musique du festival Les Suds 2018"},"content":{"rendered":"\n<p><strong>Les Suds \u00e0 Arles, c\u2019est le festival de Musiques du Monde qui fait vibrer le c\u0153ur de la cit\u00e9 Arl\u00e9sienne chaque \u00e9t\u00e9 depuis plus de 20 ans ! Cette ann\u00e9e, la Villa J sera le lieu d\u2019accueil de 3 \u00ab salons de musique \u00bb : une parenth\u00e8se de culture musicale en toute proximit\u00e9 avec des musiciens du programme et des journalistes sp\u00e9cialistes des musiques du monde.<\/strong><\/p>\n\n\n\n<p>La Villa J sera heureuse de vous accueillir les mardi 10, mercredi 11 et jeudi 12 juillet \u00e0 partir de 16h30 pour ces salons de musique !<\/p>\n\n\n\n<p>Avec la participation de :<\/p>\n\n\n\n<ul class=\"wp-block-list\">\n<li><strong>Mardi 10 juillet<\/strong> : la diva africaine Ang\u00e9lique Kidjo, interview\u00e9e par Hortense Volle, journaliste \u00e0 RFI et Pan African Music.<\/li>\n\n\n\n<li><strong>Mercredi 11 juillet<\/strong> : Alba Molina dialoguera avec Jacques Maigne, journaliste et auteur audiovisuel sp\u00e9cialiste du flamenco.<\/li>\n\n\n\n<li><strong>Jeudi 12 juillet<\/strong> : Bertrand Dicale, explorant les musiques populaires.<\/li>\n<\/ul>\n","protected":false},"featured_media":51593,"template":"","type_d_evenement":[6],"class_list":["post-51939","evenement","type-evenement","status-publish","has-post-thumbnail","hentry","type_d_evenement-rencontre"],"acf":[],"yoast_head":"<!-- This site is optimized with the Yoast SEO plugin v26.9 - https:\/\/yoast.com\/product\/yoast-seo-wordpress\/ -->\n<title>Les salons de musique du festival Les Suds 2018 - Villa J<\/title>\n<meta name=\"robots\" content=\"index, follow, max-snippet:-1, max-image-preview:large, max-video-preview:-1\" \/>\n<link rel=\"canonical\" href=\"https:\/\/www.villa-j.fr\/en\/evenements\/les-salons-de-musique-du-festival-les-suds-2018\/\" \/>\n<meta property=\"og:locale\" content=\"en_US\" \/>\n<meta property=\"og:type\" content=\"article\" \/>\n<meta property=\"og:title\" content=\"Les salons de musique du festival Les Suds 2018 - Villa J\" \/>\n<meta property=\"og:description\" content=\"Les Suds \u00e0 Arles, c\u2019est le festival de Musiques du Monde qui fait vibrer le c\u0153ur de la cit\u00e9 Arl\u00e9sienne chaque \u00e9t\u00e9 depuis plus de 20 ans ! Cette ann\u00e9e, la Villa J sera le lieu d\u2019accueil de 3 \u00ab salons de musique \u00bb : une parenth\u00e8se de culture musicale en toute proximit\u00e9 avec des [&hellip;]\" \/>\n<meta property=\"og:url\" content=\"https:\/\/www.villa-j.fr\/en\/evenements\/les-salons-de-musique-du-festival-les-suds-2018\/\" \/>\n<meta property=\"og:site_name\" content=\"Villa J\" \/>\n<meta property=\"article:publisher\" content=\"https:\/\/www.facebook.com\/EspaceVillaJ\" \/>\n<meta property=\"article:modified_time\" content=\"2025-07-29T08:58:18+00:00\" \/>\n<meta property=\"og:image\" content=\"https:\/\/www.villa-j.fr\/wp-content\/uploads\/2018\/07\/45974.jpg\" \/>\n\t<meta property=\"og:image:width\" content=\"556\" \/>\n\t<meta property=\"og:image:height\" content=\"276\" \/>\n\t<meta property=\"og:image:type\" content=\"image\/jpeg\" \/>\n<meta name=\"twitter:card\" content=\"summary_large_image\" \/>\n<meta name=\"twitter:label1\" content=\"Est. reading time\" \/>\n\t<meta name=\"twitter:data1\" content=\"1 minute\" \/>\n<!-- \/ Yoast SEO plugin. -->","yoast_head_json":{"title":"Les salons de musique du festival Les Suds 2018 - Villa J","robots":{"index":"index","follow":"follow","max-snippet":"max-snippet:-1","max-image-preview":"max-image-preview:large","max-video-preview":"max-video-preview:-1"},"canonical":"https:\/\/www.villa-j.fr\/en\/evenements\/les-salons-de-musique-du-festival-les-suds-2018\/","og_locale":"en_US","og_type":"article","og_title":"Les salons de musique du festival Les Suds 2018 - Villa J","og_description":"Les Suds \u00e0 Arles, c\u2019est le festival de Musiques du Monde qui fait vibrer le c\u0153ur de la cit\u00e9 Arl\u00e9sienne chaque \u00e9t\u00e9 depuis plus de 20 ans ! Cette ann\u00e9e, la Villa J sera le lieu d\u2019accueil de 3 \u00ab salons de musique \u00bb : une parenth\u00e8se de culture musicale en toute proximit\u00e9 avec des [&hellip;]","og_url":"https:\/\/www.villa-j.fr\/en\/evenements\/les-salons-de-musique-du-festival-les-suds-2018\/","og_site_name":"Villa J","article_publisher":"https:\/\/www.facebook.com\/EspaceVillaJ","article_modified_time":"2025-07-29T08:58:18+00:00","og_image":[{"width":556,"height":276,"url":"https:\/\/www.villa-j.fr\/wp-content\/uploads\/2018\/07\/45974.jpg","type":"image\/jpeg"}],"twitter_card":"summary_large_image","twitter_misc":{"Est. reading time":"1 minute"},"schema":{"@context":"https:\/\/schema.org","@graph":[{"@type":"WebPage","@id":"https:\/\/www.villa-j.fr\/en\/evenements\/les-salons-de-musique-du-festival-les-suds-2018\/","url":"https:\/\/www.villa-j.fr\/en\/evenements\/les-salons-de-musique-du-festival-les-suds-2018\/","name":"Les salons de musique du festival Les Suds 2018 - Villa J","isPartOf":{"@id":"https:\/\/www.villa-j.fr\/en\/#website"},"primaryImageOfPage":{"@id":"https:\/\/www.villa-j.fr\/en\/evenements\/les-salons-de-musique-du-festival-les-suds-2018\/#primaryimage"},"image":{"@id":"https:\/\/www.villa-j.fr\/en\/evenements\/les-salons-de-musique-du-festival-les-suds-2018\/#primaryimage"},"thumbnailUrl":"https:\/\/www.villa-j.fr\/wp-content\/uploads\/2018\/07\/45974.jpg","datePublished":"2019-09-25T09:54:25+00:00","dateModified":"2025-07-29T08:58:18+00:00","breadcrumb":{"@id":"https:\/\/www.villa-j.fr\/en\/evenements\/les-salons-de-musique-du-festival-les-suds-2018\/#breadcrumb"},"inLanguage":"en-US","potentialAction":[{"@type":"ReadAction","target":["https:\/\/www.villa-j.fr\/en\/evenements\/les-salons-de-musique-du-festival-les-suds-2018\/"]}]},{"@type":"ImageObject","inLanguage":"en-US","@id":"https:\/\/www.villa-j.fr\/en\/evenements\/les-salons-de-musique-du-festival-les-suds-2018\/#primaryimage","url":"https:\/\/www.villa-j.fr\/wp-content\/uploads\/2018\/07\/45974.jpg","contentUrl":"https:\/\/www.villa-j.fr\/wp-content\/uploads\/2018\/07\/45974.jpg","width":556,"height":276},{"@type":"BreadcrumbList","@id":"https:\/\/www.villa-j.fr\/en\/evenements\/les-salons-de-musique-du-festival-les-suds-2018\/#breadcrumb","itemListElement":[{"@type":"ListItem","position":1,"name":"Accueil","item":"https:\/\/www.villa-j.fr\/en\/"},{"@type":"ListItem","position":2,"name":"\u00c9v\u00e8nements","item":"https:\/\/www.villa-j.fr\/en\/events\/"},{"@type":"ListItem","position":3,"name":"Les salons de musique du festival Les Suds 2018"}]},{"@type":"WebSite","@id":"https:\/\/www.villa-j.fr\/en\/#website","url":"https:\/\/www.villa-j.fr\/en\/","name":"Villa J","description":"Un lieu pour vos formations, s\u00e9minaires, coworking, r\u00e9unions profesionnelles, \u00e9v\u00e8nements culturels et expositions \u00e0 Arles","publisher":{"@id":"https:\/\/www.villa-j.fr\/en\/#organization"},"potentialAction":[{"@type":"SearchAction","target":{"@type":"EntryPoint","urlTemplate":"https:\/\/www.villa-j.fr\/en\/?s={search_term_string}"},"query-input":{"@type":"PropertyValueSpecification","valueRequired":true,"valueName":"search_term_string"}}],"inLanguage":"en-US"},{"@type":"Organization","@id":"https:\/\/www.villa-j.fr\/en\/#organization","name":"Villa J","url":"https:\/\/www.villa-j.fr\/en\/","logo":{"@type":"ImageObject","inLanguage":"en-US","@id":"https:\/\/www.villa-j.fr\/en\/#\/schema\/logo\/image\/","url":"https:\/\/www.villa-j.fr\/wp-content\/uploads\/2025\/07\/favicon.png","contentUrl":"https:\/\/www.villa-j.fr\/wp-content\/uploads\/2025\/07\/favicon.png","width":1067,"height":1067,"caption":"Villa J"},"image":{"@id":"https:\/\/www.villa-j.fr\/en\/#\/schema\/logo\/image\/"},"sameAs":["https:\/\/www.facebook.com\/EspaceVillaJ"]}]}},"_links":{"self":[{"href":"https:\/\/www.villa-j.fr\/en\/wp-json\/wp\/v2\/evenement\/51939","targetHints":{"allow":["GET"]}}],"collection":[{"href":"https:\/\/www.villa-j.fr\/en\/wp-json\/wp\/v2\/evenement"}],"about":[{"href":"https:\/\/www.villa-j.fr\/en\/wp-json\/wp\/v2\/types\/evenement"}],"wp:featuredmedia":[{"embeddable":true,"href":"https:\/\/www.villa-j.fr\/en\/wp-json\/wp\/v2\/media\/51593"}],"wp:attachment":[{"href":"https:\/\/www.villa-j.fr\/en\/wp-json\/wp\/v2\/media?parent=51939"}],"wp:term":[{"taxonomy":"type_d_evenement","embeddable":true,"href":"https:\/\/www.villa-j.fr\/en\/wp-json\/wp\/v2\/type_d_evenement?post=51939"}],"curies":[{"name":"wp","href":"https:\/\/api.w.org\/{rel}","templated":true}]}}

<p><strong>Les Suds à Arles, c’est le festival de Musiques du Monde qui fait vibrer le cœur de la cité Arlésienne chaque été depuis plus de 20 ans ! Cette année, la Villa J sera le lieu d’accueil de 3 « salons de musique » : une parenthèse de culture musicale en toute proximité avec des musiciens du programme et des journalistes spécialistes des musiques du monde.</strong></p>



<p>La Villa J sera heureuse de vous accueillir les mardi 10, mercredi 11 et jeudi 12 juillet à partir de 16h30 pour ces salons de musique !</p>



<p>Avec la participation de :</p>



<ul class="wp-block-list">
<li><strong>Mardi 10 juillet</strong> : la diva africaine Angélique Kidjo, interviewée par Hortense Volle, journaliste à RFI et Pan African Music.</li>



<li><strong>Mercredi 11 juillet</strong> : Alba Molina dialoguera avec Jacques Maigne, journaliste et auteur audiovisuel spécialiste du flamenco.</li>



<li><strong>Jeudi 12 juillet</strong> : Bertrand Dicale, explorant les musiques populaires.</li>
</ul>

<!-- This site is optimized with the Yoast SEO plugin v26.9 - https://yoast.com/product/yoast-seo-wordpress/ -->
<title>Les salons de musique du festival Les Suds 2018 - Villa J</title>
<meta name="robots" content="index, follow, max-snippet:-1, max-image-preview:large, max-video-preview:-1" />
<link rel="canonical" href="https://www.villa-j.fr/en/evenements/les-salons-de-musique-du-festival-les-suds-2018/" />
<meta property="og:locale" content="en_US" />
<meta property="og:type" content="article" />
<meta property="og:title" content="Les salons de musique du festival Les Suds 2018 - Villa J" />
<meta property="og:description" content="Les Suds à Arles, c’est le festival de Musiques du Monde qui fait vibrer le cœur de la cité Arlésienne chaque été depuis plus de 20 ans ! Cette année, la Villa J sera le lieu d’accueil de 3 « salons de musique » : une parenthèse de culture musicale en toute proximité avec des [&hellip;]" />
<meta property="og:url" content="https://www.villa-j.fr/en/evenements/les-salons-de-musique-du-festival-les-suds-2018/" />
<meta property="og:site_name" content="Villa J" />
<meta property="article:publisher" content="https://www.facebook.com/EspaceVillaJ" />
<meta property="article:modified_time" content="2025-07-29T08:58:18+00:00" />
<meta property="og:image" content="https://www.villa-j.fr/wp-content/uploads/2018/07/45974.jpg" />
	<meta property="og:image:width" content="556" />
	<meta property="og:image:height" content="276" />
	<meta property="og:image:type" content="image/jpeg" />
<meta name="twitter:card" content="summary_large_image" />
<meta name="twitter:label1" content="Est. reading time" />
	<meta name="twitter:data1" content="1 minute" />
<!-- / Yoast SEO plugin. -->

Les Suds à Arles, c’est le festival de Musiques du Monde qui fait vibrer le cœur de la cité Arlésienne chaque été depuis plus de 20 ans ! Cette année, la Villa J sera le lieu d’accueil de 3 « salons de musique » : une parenthèse de culture musicale en toute proximité avec des [&hellip;]

Évènements

Un lieu pour vos formations, séminaires, coworking, réunions profesionnelles, évènements culturels et expositions à Arles
