{"id":51937,"date":"2019-09-25T09:51:51","date_gmt":"2019-09-25T09:51:51","guid":{"rendered":"https:\/\/www.villa-j.fr\/evenements\/interieurs-mexicains\/"},"modified":"2025-07-29T09:01:09","modified_gmt":"2025-07-29T09:01:09","slug":"interieurs-mexicains","status":"publish","type":"evenement","link":"https:\/\/www.villa-j.fr\/en\/evenements\/interieurs-mexicains\/","title":{"rendered":"Int\u00e9rieurs mexicains"},"content":{"rendered":"\n<div class=\"wp-block-media-text is-stacked-on-mobile\"><figure class=\"wp-block-media-text__media\"><img loading=\"lazy\" decoding=\"async\" width=\"800\" height=\"653\" src=\"https:\/\/www.villa-j.fr\/wp-content\/uploads\/2017\/01\/VILLA-J-_Expo-A-Valade5.jpg\" alt=\"\" class=\"wp-image-51531 size-full\" srcset=\"https:\/\/www.villa-j.fr\/wp-content\/uploads\/2017\/01\/VILLA-J-_Expo-A-Valade5.jpg 800w, https:\/\/www.villa-j.fr\/wp-content\/uploads\/2017\/01\/VILLA-J-_Expo-A-Valade5-550x449.jpg 550w, https:\/\/www.villa-j.fr\/wp-content\/uploads\/2017\/01\/VILLA-J-_Expo-A-Valade5-360x294.jpg 360w, https:\/\/www.villa-j.fr\/wp-content\/uploads\/2017\/01\/VILLA-J-_Expo-A-Valade5-768x627.jpg 768w\" sizes=\"auto, (max-width: 800px) 100vw, 800px\" \/><\/figure><div class=\"wp-block-media-text__content\">\n<p>L\u2019espace de coworking de la Villa J est color\u00e9 par les photographies d\u2019Aurore Valade. Jeune photographe, vivant entre Arles et Madrid, Aurore Valade nous a confi\u00e9, pour quelques mois, la s\u00e9rie de portraits qu\u2019elle a r\u00e9alis\u00e9e au Mexique.<\/p>\n\n\n\n<p>Vous pouvez venir admirer ces \u0153uvres photographiques, rarement pr\u00e9sent\u00e9es \u00e0 Arles, en prenant rendez-vous au 04 90 93 80 30.<\/p>\n\n\n\n<p>Pour en savoir plus :&nbsp;<a href=\"http:\/\/www.aurore-valade.com\/\" target=\"_blank\" rel=\"noreferrer noopener\">www.aurore-valade.com<\/a><\/p>\n<\/div><\/div>\n\n\n\n<div style=\"height:40px\" aria-hidden=\"true\" class=\"wp-block-spacer\"><\/div>\n\n\n\n<figure class=\"wp-block-image size-full\"><img loading=\"lazy\" decoding=\"async\" width=\"900\" height=\"600\" src=\"https:\/\/www.villa-j.fr\/wp-content\/uploads\/2017\/01\/Expo-2016-12-Valade-retouche-BD.jpg\" alt=\"\" class=\"wp-image-52196\" srcset=\"https:\/\/www.villa-j.fr\/wp-content\/uploads\/2017\/01\/Expo-2016-12-Valade-retouche-BD.jpg 900w, https:\/\/www.villa-j.fr\/wp-content\/uploads\/2017\/01\/Expo-2016-12-Valade-retouche-BD-550x367.jpg 550w, https:\/\/www.villa-j.fr\/wp-content\/uploads\/2017\/01\/Expo-2016-12-Valade-retouche-BD-800x533.jpg 800w, https:\/\/www.villa-j.fr\/wp-content\/uploads\/2017\/01\/Expo-2016-12-Valade-retouche-BD-360x240.jpg 360w, https:\/\/www.villa-j.fr\/wp-content\/uploads\/2017\/01\/Expo-2016-12-Valade-retouche-BD-768x512.jpg 768w\" sizes=\"auto, (max-width: 900px) 100vw, 900px\" \/><\/figure>\n","protected":false},"featured_media":51531,"template":"","type_d_evenement":[11],"class_list":["post-51937","evenement","type-evenement","status-publish","has-post-thumbnail","hentry","type_d_evenement-exposition"],"acf":[],"yoast_head":"<!-- This site is optimized with the Yoast SEO plugin v26.9 - https:\/\/yoast.com\/product\/yoast-seo-wordpress\/ -->\n<title>Int\u00e9rieurs mexicains - Villa J<\/title>\n<meta name=\"robots\" content=\"index, follow, max-snippet:-1, max-image-preview:large, max-video-preview:-1\" \/>\n<link rel=\"canonical\" href=\"https:\/\/www.villa-j.fr\/en\/evenements\/interieurs-mexicains\/\" \/>\n<meta property=\"og:locale\" content=\"en_US\" \/>\n<meta property=\"og:type\" content=\"article\" \/>\n<meta property=\"og:title\" content=\"Int\u00e9rieurs mexicains - Villa J\" \/>\n<meta property=\"og:description\" content=\"L\u2019espace de coworking de la Villa J est color\u00e9 par les photographies d\u2019Aurore Valade. Jeune photographe, vivant entre Arles et Madrid, Aurore Valade nous a confi\u00e9, pour quelques mois, la s\u00e9rie de portraits qu\u2019elle a r\u00e9alis\u00e9e au Mexique. Vous pouvez venir admirer ces \u0153uvres photographiques, rarement pr\u00e9sent\u00e9es \u00e0 Arles, en prenant rendez-vous au 04 90 [&hellip;]\" \/>\n<meta property=\"og:url\" content=\"https:\/\/www.villa-j.fr\/en\/evenements\/interieurs-mexicains\/\" \/>\n<meta property=\"og:site_name\" content=\"Villa J\" \/>\n<meta property=\"article:publisher\" content=\"https:\/\/www.facebook.com\/EspaceVillaJ\" \/>\n<meta property=\"article:modified_time\" content=\"2025-07-29T09:01:09+00:00\" \/>\n<meta property=\"og:image\" content=\"https:\/\/www.villa-j.fr\/wp-content\/uploads\/2017\/01\/VILLA-J-_Expo-A-Valade5.jpg\" \/>\n\t<meta property=\"og:image:width\" content=\"800\" \/>\n\t<meta property=\"og:image:height\" content=\"653\" \/>\n\t<meta property=\"og:image:type\" content=\"image\/jpeg\" \/>\n<meta name=\"twitter:card\" content=\"summary_large_image\" \/>\n<meta name=\"twitter:label1\" content=\"Est. reading time\" \/>\n\t<meta name=\"twitter:data1\" content=\"1 minute\" \/>\n<!-- \/ Yoast SEO plugin. -->","yoast_head_json":{"title":"Int\u00e9rieurs mexicains - Villa J","robots":{"index":"index","follow":"follow","max-snippet":"max-snippet:-1","max-image-preview":"max-image-preview:large","max-video-preview":"max-video-preview:-1"},"canonical":"https:\/\/www.villa-j.fr\/en\/evenements\/interieurs-mexicains\/","og_locale":"en_US","og_type":"article","og_title":"Int\u00e9rieurs mexicains - Villa J","og_description":"L\u2019espace de coworking de la Villa J est color\u00e9 par les photographies d\u2019Aurore Valade. Jeune photographe, vivant entre Arles et Madrid, Aurore Valade nous a confi\u00e9, pour quelques mois, la s\u00e9rie de portraits qu\u2019elle a r\u00e9alis\u00e9e au Mexique. Vous pouvez venir admirer ces \u0153uvres photographiques, rarement pr\u00e9sent\u00e9es \u00e0 Arles, en prenant rendez-vous au 04 90 [&hellip;]","og_url":"https:\/\/www.villa-j.fr\/en\/evenements\/interieurs-mexicains\/","og_site_name":"Villa J","article_publisher":"https:\/\/www.facebook.com\/EspaceVillaJ","article_modified_time":"2025-07-29T09:01:09+00:00","og_image":[{"width":800,"height":653,"url":"https:\/\/www.villa-j.fr\/wp-content\/uploads\/2017\/01\/VILLA-J-_Expo-A-Valade5.jpg","type":"image\/jpeg"}],"twitter_card":"summary_large_image","twitter_misc":{"Est. reading time":"1 minute"},"schema":{"@context":"https:\/\/schema.org","@graph":[{"@type":"WebPage","@id":"https:\/\/www.villa-j.fr\/en\/evenements\/interieurs-mexicains\/","url":"https:\/\/www.villa-j.fr\/en\/evenements\/interieurs-mexicains\/","name":"Int\u00e9rieurs mexicains - Villa J","isPartOf":{"@id":"https:\/\/www.villa-j.fr\/en\/#website"},"primaryImageOfPage":{"@id":"https:\/\/www.villa-j.fr\/en\/evenements\/interieurs-mexicains\/#primaryimage"},"image":{"@id":"https:\/\/www.villa-j.fr\/en\/evenements\/interieurs-mexicains\/#primaryimage"},"thumbnailUrl":"https:\/\/www.villa-j.fr\/wp-content\/uploads\/2017\/01\/VILLA-J-_Expo-A-Valade5.jpg","datePublished":"2019-09-25T09:51:51+00:00","dateModified":"2025-07-29T09:01:09+00:00","breadcrumb":{"@id":"https:\/\/www.villa-j.fr\/en\/evenements\/interieurs-mexicains\/#breadcrumb"},"inLanguage":"en-US","potentialAction":[{"@type":"ReadAction","target":["https:\/\/www.villa-j.fr\/en\/evenements\/interieurs-mexicains\/"]}]},{"@type":"ImageObject","inLanguage":"en-US","@id":"https:\/\/www.villa-j.fr\/en\/evenements\/interieurs-mexicains\/#primaryimage","url":"https:\/\/www.villa-j.fr\/wp-content\/uploads\/2017\/01\/VILLA-J-_Expo-A-Valade5.jpg","contentUrl":"https:\/\/www.villa-j.fr\/wp-content\/uploads\/2017\/01\/VILLA-J-_Expo-A-Valade5.jpg","width":800,"height":653},{"@type":"BreadcrumbList","@id":"https:\/\/www.villa-j.fr\/en\/evenements\/interieurs-mexicains\/#breadcrumb","itemListElement":[{"@type":"ListItem","position":1,"name":"Accueil","item":"https:\/\/www.villa-j.fr\/en\/"},{"@type":"ListItem","position":2,"name":"\u00c9v\u00e8nements","item":"https:\/\/www.villa-j.fr\/en\/events\/"},{"@type":"ListItem","position":3,"name":"Int\u00e9rieurs mexicains"}]},{"@type":"WebSite","@id":"https:\/\/www.villa-j.fr\/en\/#website","url":"https:\/\/www.villa-j.fr\/en\/","name":"Villa J","description":"Un lieu pour vos formations, s\u00e9minaires, coworking, r\u00e9unions profesionnelles, \u00e9v\u00e8nements culturels et expositions \u00e0 Arles","publisher":{"@id":"https:\/\/www.villa-j.fr\/en\/#organization"},"potentialAction":[{"@type":"SearchAction","target":{"@type":"EntryPoint","urlTemplate":"https:\/\/www.villa-j.fr\/en\/?s={search_term_string}"},"query-input":{"@type":"PropertyValueSpecification","valueRequired":true,"valueName":"search_term_string"}}],"inLanguage":"en-US"},{"@type":"Organization","@id":"https:\/\/www.villa-j.fr\/en\/#organization","name":"Villa J","url":"https:\/\/www.villa-j.fr\/en\/","logo":{"@type":"ImageObject","inLanguage":"en-US","@id":"https:\/\/www.villa-j.fr\/en\/#\/schema\/logo\/image\/","url":"https:\/\/www.villa-j.fr\/wp-content\/uploads\/2025\/07\/favicon.png","contentUrl":"https:\/\/www.villa-j.fr\/wp-content\/uploads\/2025\/07\/favicon.png","width":1067,"height":1067,"caption":"Villa J"},"image":{"@id":"https:\/\/www.villa-j.fr\/en\/#\/schema\/logo\/image\/"},"sameAs":["https:\/\/www.facebook.com\/EspaceVillaJ"]}]}},"_links":{"self":[{"href":"https:\/\/www.villa-j.fr\/en\/wp-json\/wp\/v2\/evenement\/51937","targetHints":{"allow":["GET"]}}],"collection":[{"href":"https:\/\/www.villa-j.fr\/en\/wp-json\/wp\/v2\/evenement"}],"about":[{"href":"https:\/\/www.villa-j.fr\/en\/wp-json\/wp\/v2\/types\/evenement"}],"wp:featuredmedia":[{"embeddable":true,"href":"https:\/\/www.villa-j.fr\/en\/wp-json\/wp\/v2\/media\/51531"}],"wp:attachment":[{"href":"https:\/\/www.villa-j.fr\/en\/wp-json\/wp\/v2\/media?parent=51937"}],"wp:term":[{"taxonomy":"type_d_evenement","embeddable":true,"href":"https:\/\/www.villa-j.fr\/en\/wp-json\/wp\/v2\/type_d_evenement?post=51937"}],"curies":[{"name":"wp","href":"https:\/\/api.w.org\/{rel}","templated":true}]}}

Intérieurs mexicains

<div class="wp-block-media-text is-stacked-on-mobile"><figure class="wp-block-media-text__media"><img loading="lazy" decoding="async" width="800" height="653" src="https://www.villa-j.fr/wp-content/uploads/2017/01/VILLA-J-_Expo-A-Valade5.jpg" alt="" class="wp-image-51531 size-full" srcset="https://www.villa-j.fr/wp-content/uploads/2017/01/VILLA-J-_Expo-A-Valade5.jpg 800w, https://www.villa-j.fr/wp-content/uploads/2017/01/VILLA-J-_Expo-A-Valade5-550x449.jpg 550w, https://www.villa-j.fr/wp-content/uploads/2017/01/VILLA-J-_Expo-A-Valade5-360x294.jpg 360w, https://www.villa-j.fr/wp-content/uploads/2017/01/VILLA-J-_Expo-A-Valade5-768x627.jpg 768w" sizes="auto, (max-width: 800px) 100vw, 800px" /></figure><div class="wp-block-media-text__content">
<p>L’espace de coworking de la Villa J est coloré par les photographies d’Aurore Valade. Jeune photographe, vivant entre Arles et Madrid, Aurore Valade nous a confié, pour quelques mois, la série de portraits qu’elle a réalisée au Mexique.</p>



<p>Vous pouvez venir admirer ces œuvres photographiques, rarement présentées à Arles, en prenant rendez-vous au 04 90 93 80 30.</p>



<p>Pour en savoir plus :&nbsp;<a href="http://www.aurore-valade.com/" target="_blank" rel="noreferrer noopener">www.aurore-valade.com</a></p>
</div></div>



<div style="height:40px" aria-hidden="true" class="wp-block-spacer"></div>



<figure class="wp-block-image size-full"><img loading="lazy" decoding="async" width="900" height="600" src="https://www.villa-j.fr/wp-content/uploads/2017/01/Expo-2016-12-Valade-retouche-BD.jpg" alt="" class="wp-image-52196" srcset="https://www.villa-j.fr/wp-content/uploads/2017/01/Expo-2016-12-Valade-retouche-BD.jpg 900w, https://www.villa-j.fr/wp-content/uploads/2017/01/Expo-2016-12-Valade-retouche-BD-550x367.jpg 550w, https://www.villa-j.fr/wp-content/uploads/2017/01/Expo-2016-12-Valade-retouche-BD-800x533.jpg 800w, https://www.villa-j.fr/wp-content/uploads/2017/01/Expo-2016-12-Valade-retouche-BD-360x240.jpg 360w, https://www.villa-j.fr/wp-content/uploads/2017/01/Expo-2016-12-Valade-retouche-BD-768x512.jpg 768w" sizes="auto, (max-width: 900px) 100vw, 900px" /></figure>

<!-- This site is optimized with the Yoast SEO plugin v26.9 - https://yoast.com/product/yoast-seo-wordpress/ -->
<title>Intérieurs mexicains - Villa J</title>
<meta name="robots" content="index, follow, max-snippet:-1, max-image-preview:large, max-video-preview:-1" />
<link rel="canonical" href="https://www.villa-j.fr/en/evenements/interieurs-mexicains/" />
<meta property="og:locale" content="en_US" />
<meta property="og:type" content="article" />
<meta property="og:title" content="Intérieurs mexicains - Villa J" />
<meta property="og:description" content="L’espace de coworking de la Villa J est coloré par les photographies d’Aurore Valade. Jeune photographe, vivant entre Arles et Madrid, Aurore Valade nous a confié, pour quelques mois, la série de portraits qu’elle a réalisée au Mexique. Vous pouvez venir admirer ces œuvres photographiques, rarement présentées à Arles, en prenant rendez-vous au 04 90 [&hellip;]" />
<meta property="og:url" content="https://www.villa-j.fr/en/evenements/interieurs-mexicains/" />
<meta property="og:site_name" content="Villa J" />
<meta property="article:publisher" content="https://www.facebook.com/EspaceVillaJ" />
<meta property="article:modified_time" content="2025-07-29T09:01:09+00:00" />
<meta property="og:image" content="https://www.villa-j.fr/wp-content/uploads/2017/01/VILLA-J-_Expo-A-Valade5.jpg" />
	<meta property="og:image:width" content="800" />
	<meta property="og:image:height" content="653" />
	<meta property="og:image:type" content="image/jpeg" />
<meta name="twitter:card" content="summary_large_image" />
<meta name="twitter:label1" content="Est. reading time" />
	<meta name="twitter:data1" content="1 minute" />
<!-- / Yoast SEO plugin. -->

Intérieurs mexicains - Villa J

L’espace de coworking de la Villa J est coloré par les photographies d’Aurore Valade. Jeune photographe, vivant entre Arles et Madrid, Aurore Valade nous a confié, pour quelques mois, la série de portraits qu’elle a réalisée au Mexique. Vous pouvez venir admirer ces œuvres photographiques, rarement présentées à Arles, en prenant rendez-vous au 04 90 [&hellip;]

Évènements

Un lieu pour vos formations, séminaires, coworking, réunions profesionnelles, évènements culturels et expositions à Arles
