{"id":51936,"date":"2019-09-25T09:48:46","date_gmt":"2019-09-25T09:48:46","guid":{"rendered":"https:\/\/www.villa-j.fr\/evenements\/jardins-sonores-dans-la-saabphonie\/"},"modified":"2025-07-29T09:01:52","modified_gmt":"2025-07-29T09:01:52","slug":"jardins-sonores-dans-la-saabphonie","status":"publish","type":"evenement","link":"https:\/\/www.villa-j.fr\/en\/evenements\/jardins-sonores-dans-la-saabphonie\/","title":{"rendered":"Jardins sonores dans la SaabPhonie"},"content":{"rendered":"\n<p>Phonurgia Nova f\u00eate \u00e0 Arles son anniversaire dans un programme au long cours nomm\u00e9 [Rewind \/ 30 ans \/ 30 jours d\u2019\u00e9coute].<\/p>\n\n\n\n<p>Phonurgia Nova installe sa Saab Phonie, auditorium hi-fi dans le jardin de la Villa J, pour une exp\u00e9rience intimiste \u00e0 l\u2019\u00e9coute des paroles de quelques grands photographes, pour les rencontres de la photo, puis de l&#8217;histoire des fleuves, dans le cadre des Suds \u00e0 Arles.<\/p>\n\n\n\n<ul class=\"wp-block-list\">\n<li><strong>Du 5 au 17 juillet de 14 h \u00e0 18 h<\/strong><\/li>\n\n\n\n<li><strong>Plus d&#8217;infos : <a href=\"http:\/\/www.phonurgia.org\" target=\"_blank\" rel=\"noreferrer noopener\">www.phonurgia.org<\/a><\/strong><\/li>\n<\/ul>\n","protected":false},"featured_media":51750,"template":"","type_d_evenement":[10],"class_list":["post-51936","evenement","type-evenement","status-publish","has-post-thumbnail","hentry","type_d_evenement-experience"],"acf":[],"yoast_head":"<!-- This site is optimized with the Yoast SEO plugin v26.9 - https:\/\/yoast.com\/product\/yoast-seo-wordpress\/ -->\n<title>Jardins sonores dans la SaabPhonie - Villa J<\/title>\n<meta name=\"robots\" content=\"index, follow, max-snippet:-1, max-image-preview:large, max-video-preview:-1\" \/>\n<link rel=\"canonical\" href=\"https:\/\/www.villa-j.fr\/en\/evenements\/jardins-sonores-dans-la-saabphonie\/\" \/>\n<meta property=\"og:locale\" content=\"en_US\" \/>\n<meta property=\"og:type\" content=\"article\" \/>\n<meta property=\"og:title\" content=\"Jardins sonores dans la SaabPhonie - Villa J\" \/>\n<meta property=\"og:description\" content=\"Phonurgia Nova f\u00eate \u00e0 Arles son anniversaire dans un programme au long cours nomm\u00e9 [Rewind \/ 30 ans \/ 30 jours d\u2019\u00e9coute]. Phonurgia Nova installe sa Saab Phonie, auditorium hi-fi dans le jardin de la Villa J, pour une exp\u00e9rience intimiste \u00e0 l\u2019\u00e9coute des paroles de quelques grands photographes, pour les rencontres de la photo, [&hellip;]\" \/>\n<meta property=\"og:url\" content=\"https:\/\/www.villa-j.fr\/en\/evenements\/jardins-sonores-dans-la-saabphonie\/\" \/>\n<meta property=\"og:site_name\" content=\"Villa J\" \/>\n<meta property=\"article:publisher\" content=\"https:\/\/www.facebook.com\/EspaceVillaJ\" \/>\n<meta property=\"article:modified_time\" content=\"2025-07-29T09:01:52+00:00\" \/>\n<meta property=\"og:image\" content=\"https:\/\/www.villa-j.fr\/wp-content\/uploads\/2019\/09\/saabphonie.jpg\" \/>\n\t<meta property=\"og:image:width\" content=\"800\" \/>\n\t<meta property=\"og:image:height\" content=\"526\" \/>\n\t<meta property=\"og:image:type\" content=\"image\/jpeg\" \/>\n<meta name=\"twitter:card\" content=\"summary_large_image\" \/>\n<meta name=\"twitter:label1\" content=\"Est. reading time\" \/>\n\t<meta name=\"twitter:data1\" content=\"2 minutes\" \/>\n<!-- \/ Yoast SEO plugin. -->","yoast_head_json":{"title":"Jardins sonores dans la SaabPhonie - Villa J","robots":{"index":"index","follow":"follow","max-snippet":"max-snippet:-1","max-image-preview":"max-image-preview:large","max-video-preview":"max-video-preview:-1"},"canonical":"https:\/\/www.villa-j.fr\/en\/evenements\/jardins-sonores-dans-la-saabphonie\/","og_locale":"en_US","og_type":"article","og_title":"Jardins sonores dans la SaabPhonie - Villa J","og_description":"Phonurgia Nova f\u00eate \u00e0 Arles son anniversaire dans un programme au long cours nomm\u00e9 [Rewind \/ 30 ans \/ 30 jours d\u2019\u00e9coute]. Phonurgia Nova installe sa Saab Phonie, auditorium hi-fi dans le jardin de la Villa J, pour une exp\u00e9rience intimiste \u00e0 l\u2019\u00e9coute des paroles de quelques grands photographes, pour les rencontres de la photo, [&hellip;]","og_url":"https:\/\/www.villa-j.fr\/en\/evenements\/jardins-sonores-dans-la-saabphonie\/","og_site_name":"Villa J","article_publisher":"https:\/\/www.facebook.com\/EspaceVillaJ","article_modified_time":"2025-07-29T09:01:52+00:00","og_image":[{"width":800,"height":526,"url":"https:\/\/www.villa-j.fr\/wp-content\/uploads\/2019\/09\/saabphonie.jpg","type":"image\/jpeg"}],"twitter_card":"summary_large_image","twitter_misc":{"Est. reading time":"2 minutes"},"schema":{"@context":"https:\/\/schema.org","@graph":[{"@type":"WebPage","@id":"https:\/\/www.villa-j.fr\/en\/evenements\/jardins-sonores-dans-la-saabphonie\/","url":"https:\/\/www.villa-j.fr\/en\/evenements\/jardins-sonores-dans-la-saabphonie\/","name":"Jardins sonores dans la SaabPhonie - Villa J","isPartOf":{"@id":"https:\/\/www.villa-j.fr\/en\/#website"},"primaryImageOfPage":{"@id":"https:\/\/www.villa-j.fr\/en\/evenements\/jardins-sonores-dans-la-saabphonie\/#primaryimage"},"image":{"@id":"https:\/\/www.villa-j.fr\/en\/evenements\/jardins-sonores-dans-la-saabphonie\/#primaryimage"},"thumbnailUrl":"https:\/\/www.villa-j.fr\/wp-content\/uploads\/2019\/09\/saabphonie.jpg","datePublished":"2019-09-25T09:48:46+00:00","dateModified":"2025-07-29T09:01:52+00:00","breadcrumb":{"@id":"https:\/\/www.villa-j.fr\/en\/evenements\/jardins-sonores-dans-la-saabphonie\/#breadcrumb"},"inLanguage":"en-US","potentialAction":[{"@type":"ReadAction","target":["https:\/\/www.villa-j.fr\/en\/evenements\/jardins-sonores-dans-la-saabphonie\/"]}]},{"@type":"ImageObject","inLanguage":"en-US","@id":"https:\/\/www.villa-j.fr\/en\/evenements\/jardins-sonores-dans-la-saabphonie\/#primaryimage","url":"https:\/\/www.villa-j.fr\/wp-content\/uploads\/2019\/09\/saabphonie.jpg","contentUrl":"https:\/\/www.villa-j.fr\/wp-content\/uploads\/2019\/09\/saabphonie.jpg","width":800,"height":526},{"@type":"BreadcrumbList","@id":"https:\/\/www.villa-j.fr\/en\/evenements\/jardins-sonores-dans-la-saabphonie\/#breadcrumb","itemListElement":[{"@type":"ListItem","position":1,"name":"Accueil","item":"https:\/\/www.villa-j.fr\/en\/"},{"@type":"ListItem","position":2,"name":"\u00c9v\u00e8nements","item":"https:\/\/www.villa-j.fr\/en\/events\/"},{"@type":"ListItem","position":3,"name":"Jardins sonores dans la SaabPhonie"}]},{"@type":"WebSite","@id":"https:\/\/www.villa-j.fr\/en\/#website","url":"https:\/\/www.villa-j.fr\/en\/","name":"Villa J","description":"Un lieu pour vos formations, s\u00e9minaires, coworking, r\u00e9unions profesionnelles, \u00e9v\u00e8nements culturels et expositions \u00e0 Arles","publisher":{"@id":"https:\/\/www.villa-j.fr\/en\/#organization"},"potentialAction":[{"@type":"SearchAction","target":{"@type":"EntryPoint","urlTemplate":"https:\/\/www.villa-j.fr\/en\/?s={search_term_string}"},"query-input":{"@type":"PropertyValueSpecification","valueRequired":true,"valueName":"search_term_string"}}],"inLanguage":"en-US"},{"@type":"Organization","@id":"https:\/\/www.villa-j.fr\/en\/#organization","name":"Villa J","url":"https:\/\/www.villa-j.fr\/en\/","logo":{"@type":"ImageObject","inLanguage":"en-US","@id":"https:\/\/www.villa-j.fr\/en\/#\/schema\/logo\/image\/","url":"https:\/\/www.villa-j.fr\/wp-content\/uploads\/2025\/07\/favicon.png","contentUrl":"https:\/\/www.villa-j.fr\/wp-content\/uploads\/2025\/07\/favicon.png","width":1067,"height":1067,"caption":"Villa J"},"image":{"@id":"https:\/\/www.villa-j.fr\/en\/#\/schema\/logo\/image\/"},"sameAs":["https:\/\/www.facebook.com\/EspaceVillaJ"]}]}},"_links":{"self":[{"href":"https:\/\/www.villa-j.fr\/en\/wp-json\/wp\/v2\/evenement\/51936","targetHints":{"allow":["GET"]}}],"collection":[{"href":"https:\/\/www.villa-j.fr\/en\/wp-json\/wp\/v2\/evenement"}],"about":[{"href":"https:\/\/www.villa-j.fr\/en\/wp-json\/wp\/v2\/types\/evenement"}],"wp:featuredmedia":[{"embeddable":true,"href":"https:\/\/www.villa-j.fr\/en\/wp-json\/wp\/v2\/media\/51750"}],"wp:attachment":[{"href":"https:\/\/www.villa-j.fr\/en\/wp-json\/wp\/v2\/media?parent=51936"}],"wp:term":[{"taxonomy":"type_d_evenement","embeddable":true,"href":"https:\/\/www.villa-j.fr\/en\/wp-json\/wp\/v2\/type_d_evenement?post=51936"}],"curies":[{"name":"wp","href":"https:\/\/api.w.org\/{rel}","templated":true}]}}

<p>Phonurgia Nova fête à Arles son anniversaire dans un programme au long cours nommé [Rewind / 30 ans / 30 jours d’écoute].</p>



<p>Phonurgia Nova installe sa Saab Phonie, auditorium hi-fi dans le jardin de la Villa J, pour une expérience intimiste à l’écoute des paroles de quelques grands photographes, pour les rencontres de la photo, puis de l&#8217;histoire des fleuves, dans le cadre des Suds à Arles.</p>



<ul class="wp-block-list">
<li><strong>Du 5 au 17 juillet de 14 h à 18 h</strong></li>



<li><strong>Plus d&#8217;infos : <a href="http://www.phonurgia.org" target="_blank" rel="noreferrer noopener">www.phonurgia.org</a></strong></li>
</ul>

<!-- This site is optimized with the Yoast SEO plugin v26.9 - https://yoast.com/product/yoast-seo-wordpress/ -->
<title>Jardins sonores dans la SaabPhonie - Villa J</title>
<meta name="robots" content="index, follow, max-snippet:-1, max-image-preview:large, max-video-preview:-1" />
<link rel="canonical" href="https://www.villa-j.fr/en/evenements/jardins-sonores-dans-la-saabphonie/" />
<meta property="og:locale" content="en_US" />
<meta property="og:type" content="article" />
<meta property="og:title" content="Jardins sonores dans la SaabPhonie - Villa J" />
<meta property="og:description" content="Phonurgia Nova fête à Arles son anniversaire dans un programme au long cours nommé [Rewind / 30 ans / 30 jours d’écoute]. Phonurgia Nova installe sa Saab Phonie, auditorium hi-fi dans le jardin de la Villa J, pour une expérience intimiste à l’écoute des paroles de quelques grands photographes, pour les rencontres de la photo, [&hellip;]" />
<meta property="og:url" content="https://www.villa-j.fr/en/evenements/jardins-sonores-dans-la-saabphonie/" />
<meta property="og:site_name" content="Villa J" />
<meta property="article:publisher" content="https://www.facebook.com/EspaceVillaJ" />
<meta property="article:modified_time" content="2025-07-29T09:01:52+00:00" />
<meta property="og:image" content="https://www.villa-j.fr/wp-content/uploads/2019/09/saabphonie.jpg" />
	<meta property="og:image:width" content="800" />
	<meta property="og:image:height" content="526" />
	<meta property="og:image:type" content="image/jpeg" />
<meta name="twitter:card" content="summary_large_image" />
<meta name="twitter:label1" content="Est. reading time" />
	<meta name="twitter:data1" content="2 minutes" />
<!-- / Yoast SEO plugin. -->

Phonurgia Nova fête à Arles son anniversaire dans un programme au long cours nommé [Rewind / 30 ans / 30 jours d’écoute]. Phonurgia Nova installe sa Saab Phonie, auditorium hi-fi dans le jardin de la Villa J, pour une expérience intimiste à l’écoute des paroles de quelques grands photographes, pour les rencontres de la photo, [&hellip;]

Évènements

Un lieu pour vos formations, séminaires, coworking, réunions profesionnelles, évènements culturels et expositions à Arles
