{"id":51935,"date":"2019-09-25T09:47:43","date_gmt":"2019-09-25T09:47:43","guid":{"rendered":"https:\/\/www.villa-j.fr\/evenements\/pause-du-temps-et-des-images\/"},"modified":"2025-07-29T09:10:05","modified_gmt":"2025-07-29T09:10:05","slug":"pause-du-temps-et-des-images","status":"publish","type":"evenement","link":"https:\/\/www.villa-j.fr\/en\/evenements\/pause-du-temps-et-des-images\/","title":{"rendered":"< PAUSE > Du temps et des images"},"content":{"rendered":"\n<div class=\"wp-block-media-text is-stacked-on-mobile\"><figure class=\"wp-block-media-text__media\"><img loading=\"lazy\" decoding=\"async\" width=\"1000\" height=\"667\" src=\"https:\/\/www.villa-j.fr\/wp-content\/uploads\/2019\/09\/VillaJ_jardin_reception_PAUSE_9646_BD.jpg\" alt=\"\" class=\"wp-image-52308 size-full\" srcset=\"https:\/\/www.villa-j.fr\/wp-content\/uploads\/2019\/09\/VillaJ_jardin_reception_PAUSE_9646_BD.jpg 1000w, https:\/\/www.villa-j.fr\/wp-content\/uploads\/2019\/09\/VillaJ_jardin_reception_PAUSE_9646_BD-550x367.jpg 550w, https:\/\/www.villa-j.fr\/wp-content\/uploads\/2019\/09\/VillaJ_jardin_reception_PAUSE_9646_BD-800x534.jpg 800w, https:\/\/www.villa-j.fr\/wp-content\/uploads\/2019\/09\/VillaJ_jardin_reception_PAUSE_9646_BD-360x240.jpg 360w, https:\/\/www.villa-j.fr\/wp-content\/uploads\/2019\/09\/VillaJ_jardin_reception_PAUSE_9646_BD-768x512.jpg 768w\" sizes=\"auto, (max-width: 1000px) 100vw, 1000px\" \/><\/figure><div class=\"wp-block-media-text__content\">\n<p>Le temps d\u2019une PAUSE, <a href=\"https:\/\/sunsun.fr\/\" target=\"_blank\" rel=\"noreferrer noopener\">Sun Sun<\/a> et <a href=\"https:\/\/www.oai13.com\/\" target=\"_blank\" rel=\"noreferrer noopener\">OAI 13<\/a>, en collaboration avec Instagram, Loops, <a href=\"http:\/\/phonurgia.fr\/\" target=\"_blank\" rel=\"noreferrer noopener\">Phonurgia nova<\/a> et Canop\u00e9e, proposent de faire un pas de c\u00f4t\u00e9, de questionner l\u2019image et de vivre la photographie diff\u00e9remment. Ici presque rien \u00e0 voir : 4 jours de rencontres, d\u2019\u00e9coutes et de performances autour de la photographie, pour vivre des exp\u00e9riences, jouer, se d\u00e9salt\u00e9rer et se reposer entre p\u00e9tanque, transats et dispositifs sonores au creux d\u2019un nid.<\/p>\n\n\n\n<p>Durant l&#8217;\u00e9v\u00e8nement, Instagram&nbsp;installe son \u00ab Hot spot \u00bb \u00e0 la Villa J pour \u00e9changer avec sa communaut\u00e9 de photographes.<\/p>\n\n\n\n<ul class=\"wp-block-list\">\n<li><strong>D<\/strong><strong>u 5 au 9 juillet&nbsp;2016<\/strong><\/li>\n\n\n\n<li><strong>Plus d&#8217;infos : <a href=\"http:\/\/www.okpause.fr\" target=\"_blank\" rel=\"noreferrer noopener\">www.okpause.fr<\/a><\/strong><\/li>\n<\/ul>\n\n\n\n<p>Projet soutenu par la SAIF.&nbsp;&nbsp;En collaboration avec Instagram, Loops, Phonurgia Nova et Canop\u00e9e.<\/p>\n<\/div><\/div>\n\n\n\n<p><\/p>\n","protected":false},"featured_media":51448,"template":"","type_d_evenement":[6],"class_list":["post-51935","evenement","type-evenement","status-publish","has-post-thumbnail","hentry","type_d_evenement-rencontre"],"acf":[],"yoast_head":"<!-- This site is optimized with the Yoast SEO plugin v26.9 - https:\/\/yoast.com\/product\/yoast-seo-wordpress\/ -->\n<title>&lt; PAUSE &gt; Du temps et des images - Villa J<\/title>\n<meta name=\"robots\" content=\"index, follow, max-snippet:-1, max-image-preview:large, max-video-preview:-1\" \/>\n<link rel=\"canonical\" href=\"https:\/\/www.villa-j.fr\/en\/evenements\/pause-du-temps-et-des-images\/\" \/>\n<meta property=\"og:locale\" content=\"en_US\" \/>\n<meta property=\"og:type\" content=\"article\" \/>\n<meta property=\"og:title\" content=\"&lt; PAUSE &gt; Du temps et des images - Villa J\" \/>\n<meta property=\"og:url\" content=\"https:\/\/www.villa-j.fr\/en\/evenements\/pause-du-temps-et-des-images\/\" \/>\n<meta property=\"og:site_name\" content=\"Villa J\" \/>\n<meta property=\"article:publisher\" content=\"https:\/\/www.facebook.com\/EspaceVillaJ\" \/>\n<meta property=\"article:modified_time\" content=\"2025-07-29T09:10:05+00:00\" \/>\n<meta property=\"og:image\" content=\"https:\/\/www.villa-j.fr\/wp-content\/uploads\/2016\/06\/pause.jpg\" \/>\n\t<meta property=\"og:image:width\" content=\"300\" \/>\n\t<meta property=\"og:image:height\" content=\"200\" \/>\n\t<meta property=\"og:image:type\" content=\"image\/jpeg\" \/>\n<meta name=\"twitter:card\" content=\"summary_large_image\" \/>\n<meta name=\"twitter:label1\" content=\"Est. reading time\" \/>\n\t<meta name=\"twitter:data1\" content=\"1 minute\" \/>\n<!-- \/ Yoast SEO plugin. -->","yoast_head_json":{"title":"< PAUSE > Du temps et des images - Villa J","robots":{"index":"index","follow":"follow","max-snippet":"max-snippet:-1","max-image-preview":"max-image-preview:large","max-video-preview":"max-video-preview:-1"},"canonical":"https:\/\/www.villa-j.fr\/en\/evenements\/pause-du-temps-et-des-images\/","og_locale":"en_US","og_type":"article","og_title":"< PAUSE > Du temps et des images - Villa J","og_url":"https:\/\/www.villa-j.fr\/en\/evenements\/pause-du-temps-et-des-images\/","og_site_name":"Villa J","article_publisher":"https:\/\/www.facebook.com\/EspaceVillaJ","article_modified_time":"2025-07-29T09:10:05+00:00","og_image":[{"width":300,"height":200,"url":"https:\/\/www.villa-j.fr\/wp-content\/uploads\/2016\/06\/pause.jpg","type":"image\/jpeg"}],"twitter_card":"summary_large_image","twitter_misc":{"Est. reading time":"1 minute"},"schema":{"@context":"https:\/\/schema.org","@graph":[{"@type":"WebPage","@id":"https:\/\/www.villa-j.fr\/en\/evenements\/pause-du-temps-et-des-images\/","url":"https:\/\/www.villa-j.fr\/en\/evenements\/pause-du-temps-et-des-images\/","name":"< PAUSE > Du temps et des images - Villa J","isPartOf":{"@id":"https:\/\/www.villa-j.fr\/en\/#website"},"primaryImageOfPage":{"@id":"https:\/\/www.villa-j.fr\/en\/evenements\/pause-du-temps-et-des-images\/#primaryimage"},"image":{"@id":"https:\/\/www.villa-j.fr\/en\/evenements\/pause-du-temps-et-des-images\/#primaryimage"},"thumbnailUrl":"https:\/\/www.villa-j.fr\/wp-content\/uploads\/2016\/06\/pause.jpg","datePublished":"2019-09-25T09:47:43+00:00","dateModified":"2025-07-29T09:10:05+00:00","breadcrumb":{"@id":"https:\/\/www.villa-j.fr\/en\/evenements\/pause-du-temps-et-des-images\/#breadcrumb"},"inLanguage":"en-US","potentialAction":[{"@type":"ReadAction","target":["https:\/\/www.villa-j.fr\/en\/evenements\/pause-du-temps-et-des-images\/"]}]},{"@type":"ImageObject","inLanguage":"en-US","@id":"https:\/\/www.villa-j.fr\/en\/evenements\/pause-du-temps-et-des-images\/#primaryimage","url":"https:\/\/www.villa-j.fr\/wp-content\/uploads\/2016\/06\/pause.jpg","contentUrl":"https:\/\/www.villa-j.fr\/wp-content\/uploads\/2016\/06\/pause.jpg","width":300,"height":200},{"@type":"BreadcrumbList","@id":"https:\/\/www.villa-j.fr\/en\/evenements\/pause-du-temps-et-des-images\/#breadcrumb","itemListElement":[{"@type":"ListItem","position":1,"name":"Accueil","item":"https:\/\/www.villa-j.fr\/en\/"},{"@type":"ListItem","position":2,"name":"\u00c9v\u00e8nements","item":"https:\/\/www.villa-j.fr\/en\/events\/"},{"@type":"ListItem","position":3,"name":"< PAUSE > Du temps et des images"}]},{"@type":"WebSite","@id":"https:\/\/www.villa-j.fr\/en\/#website","url":"https:\/\/www.villa-j.fr\/en\/","name":"Villa J","description":"Un lieu pour vos formations, s\u00e9minaires, coworking, r\u00e9unions profesionnelles, \u00e9v\u00e8nements culturels et expositions \u00e0 Arles","publisher":{"@id":"https:\/\/www.villa-j.fr\/en\/#organization"},"potentialAction":[{"@type":"SearchAction","target":{"@type":"EntryPoint","urlTemplate":"https:\/\/www.villa-j.fr\/en\/?s={search_term_string}"},"query-input":{"@type":"PropertyValueSpecification","valueRequired":true,"valueName":"search_term_string"}}],"inLanguage":"en-US"},{"@type":"Organization","@id":"https:\/\/www.villa-j.fr\/en\/#organization","name":"Villa J","url":"https:\/\/www.villa-j.fr\/en\/","logo":{"@type":"ImageObject","inLanguage":"en-US","@id":"https:\/\/www.villa-j.fr\/en\/#\/schema\/logo\/image\/","url":"https:\/\/www.villa-j.fr\/wp-content\/uploads\/2025\/07\/favicon.png","contentUrl":"https:\/\/www.villa-j.fr\/wp-content\/uploads\/2025\/07\/favicon.png","width":1067,"height":1067,"caption":"Villa J"},"image":{"@id":"https:\/\/www.villa-j.fr\/en\/#\/schema\/logo\/image\/"},"sameAs":["https:\/\/www.facebook.com\/EspaceVillaJ"]}]}},"_links":{"self":[{"href":"https:\/\/www.villa-j.fr\/en\/wp-json\/wp\/v2\/evenement\/51935","targetHints":{"allow":["GET"]}}],"collection":[{"href":"https:\/\/www.villa-j.fr\/en\/wp-json\/wp\/v2\/evenement"}],"about":[{"href":"https:\/\/www.villa-j.fr\/en\/wp-json\/wp\/v2\/types\/evenement"}],"wp:featuredmedia":[{"embeddable":true,"href":"https:\/\/www.villa-j.fr\/en\/wp-json\/wp\/v2\/media\/51448"}],"wp:attachment":[{"href":"https:\/\/www.villa-j.fr\/en\/wp-json\/wp\/v2\/media?parent=51935"}],"wp:term":[{"taxonomy":"type_d_evenement","embeddable":true,"href":"https:\/\/www.villa-j.fr\/en\/wp-json\/wp\/v2\/type_d_evenement?post=51935"}],"curies":[{"name":"wp","href":"https:\/\/api.w.org\/{rel}","templated":true}]}}

<div class="wp-block-media-text is-stacked-on-mobile"><figure class="wp-block-media-text__media"><img loading="lazy" decoding="async" width="1000" height="667" src="https://www.villa-j.fr/wp-content/uploads/2019/09/VillaJ_jardin_reception_PAUSE_9646_BD.jpg" alt="" class="wp-image-52308 size-full" srcset="https://www.villa-j.fr/wp-content/uploads/2019/09/VillaJ_jardin_reception_PAUSE_9646_BD.jpg 1000w, https://www.villa-j.fr/wp-content/uploads/2019/09/VillaJ_jardin_reception_PAUSE_9646_BD-550x367.jpg 550w, https://www.villa-j.fr/wp-content/uploads/2019/09/VillaJ_jardin_reception_PAUSE_9646_BD-800x534.jpg 800w, https://www.villa-j.fr/wp-content/uploads/2019/09/VillaJ_jardin_reception_PAUSE_9646_BD-360x240.jpg 360w, https://www.villa-j.fr/wp-content/uploads/2019/09/VillaJ_jardin_reception_PAUSE_9646_BD-768x512.jpg 768w" sizes="auto, (max-width: 1000px) 100vw, 1000px" /></figure><div class="wp-block-media-text__content">
<p>Le temps d’une PAUSE, <a href="https://sunsun.fr/" target="_blank" rel="noreferrer noopener">Sun Sun</a> et <a href="https://www.oai13.com/" target="_blank" rel="noreferrer noopener">OAI 13</a>, en collaboration avec Instagram, Loops, <a href="http://phonurgia.fr/" target="_blank" rel="noreferrer noopener">Phonurgia nova</a> et Canopée, proposent de faire un pas de côté, de questionner l’image et de vivre la photographie différemment. Ici presque rien à voir : 4 jours de rencontres, d’écoutes et de performances autour de la photographie, pour vivre des expériences, jouer, se désaltérer et se reposer entre pétanque, transats et dispositifs sonores au creux d’un nid.</p>



<p>Durant l&#8217;évènement, Instagram&nbsp;installe son « Hot spot » à la Villa J pour échanger avec sa communauté de photographes.</p>



<ul class="wp-block-list">
<li><strong>D</strong><strong>u 5 au 9 juillet&nbsp;2016</strong></li>



<li><strong>Plus d&#8217;infos : <a href="http://www.okpause.fr" target="_blank" rel="noreferrer noopener">www.okpause.fr</a></strong></li>
</ul>



<p>Projet soutenu par la SAIF.&nbsp;&nbsp;En collaboration avec Instagram, Loops, Phonurgia Nova et Canopée.</p>
</div></div>



<p></p>

Évènements

Un lieu pour vos formations, séminaires, coworking, réunions profesionnelles, évènements culturels et expositions à Arles
