{"id":51934,"date":"2019-09-25T08:05:55","date_gmt":"2019-09-25T08:05:55","guid":{"rendered":"https:\/\/www.villa-j.fr\/evenements\/la-suite-dans-le-jardin-sculptures-de-ursula-hanes\/"},"modified":"2025-07-29T09:14:28","modified_gmt":"2025-07-29T09:14:28","slug":"la-suite-dans-le-jardin-sculptures-de-ursula-hanes","status":"publish","type":"evenement","link":"https:\/\/www.villa-j.fr\/en\/evenements\/la-suite-dans-le-jardin-sculptures-de-ursula-hanes\/","title":{"rendered":"La Suite dans le Jardin \/ Sculptures de Ursula Hanes"},"content":{"rendered":"\n<div class=\"wp-block-media-text is-stacked-on-mobile\"><figure class=\"wp-block-media-text__media\"><img loading=\"lazy\" decoding=\"async\" width=\"800\" height=\"533\" src=\"https:\/\/www.villa-j.fr\/wp-content\/uploads\/2016\/05\/UrsulaHanes-1.jpg\" alt=\"\" class=\"wp-image-51388 size-full\" srcset=\"https:\/\/www.villa-j.fr\/wp-content\/uploads\/2016\/05\/UrsulaHanes-1.jpg 800w, https:\/\/www.villa-j.fr\/wp-content\/uploads\/2016\/05\/UrsulaHanes-1-550x366.jpg 550w, https:\/\/www.villa-j.fr\/wp-content\/uploads\/2016\/05\/UrsulaHanes-1-360x240.jpg 360w, https:\/\/www.villa-j.fr\/wp-content\/uploads\/2016\/05\/UrsulaHanes-1-768x512.jpg 768w\" sizes=\"auto, (max-width: 800px) 100vw, 800px\" \/><\/figure><div class=\"wp-block-media-text__content\">\n<p>Ursula Hanes, artiste canadienne s&#8217;est install\u00e9e dans les Alpilles o\u00f9 elle travaille depuis des ann\u00e9es. Les formes et les mouvements des collines proven\u00e7ales d&#8217;Aureille inspirent ses oeuvres sculpt\u00e9es dans le marbre, fa\u00e7onn\u00e9es dans l&#8217;argile ou fondues dans le bronze. En parall\u00e8le de son exposition retrospective pr\u00e9sent\u00e9e \u00e0 l&#8217;Espace Van Gogh du 27 mai au 6 juin 2016, l&#8217;artiste pr\u00e9sente six oeuvres dans l&#8217;\u00e9crin de verdure de la Villa J.<\/p>\n\n\n\n<p><strong>Rencontre-\u00e9change avec Ursula Hanes<\/strong>,\u00a0avec la participation de\u00a0la journaliste Ariane Allard,\u00a0<strong>samedi 18 juin \u00e0 17h30<\/strong><\/p>\n\n\n\n<p><strong>Exposition<\/strong> \u00e0 d\u00e9couvrir <strong>du 27 mai au 18 juin 2016, <\/strong>du lundi au samedi de 10h \u00e0 18h<\/p>\n<\/div><\/div>\n\n\n\n<div style=\"height:50px\" aria-hidden=\"true\" class=\"wp-block-spacer\"><\/div>\n\n\n\n<figure class=\"wp-block-gallery has-nested-images columns-default is-cropped wp-block-gallery-1 is-layout-flex wp-block-gallery-is-layout-flex\">\n<figure class=\"wp-block-image size-large\"><img loading=\"lazy\" decoding=\"async\" width=\"1000\" height=\"667\" data-id=\"51432\" src=\"https:\/\/www.villa-j.fr\/wp-content\/uploads\/2016\/06\/IMG_3955-retouche-horizontal.jpg\" alt=\"\" class=\"wp-image-51432\" srcset=\"https:\/\/www.villa-j.fr\/wp-content\/uploads\/2016\/06\/IMG_3955-retouche-horizontal.jpg 1000w, https:\/\/www.villa-j.fr\/wp-content\/uploads\/2016\/06\/IMG_3955-retouche-horizontal-550x367.jpg 550w, https:\/\/www.villa-j.fr\/wp-content\/uploads\/2016\/06\/IMG_3955-retouche-horizontal-800x534.jpg 800w, https:\/\/www.villa-j.fr\/wp-content\/uploads\/2016\/06\/IMG_3955-retouche-horizontal-360x240.jpg 360w, https:\/\/www.villa-j.fr\/wp-content\/uploads\/2016\/06\/IMG_3955-retouche-horizontal-768x512.jpg 768w\" sizes=\"auto, (max-width: 1000px) 100vw, 1000px\" \/><\/figure>\n\n\n\n<figure class=\"wp-block-image size-full\"><img loading=\"lazy\" decoding=\"async\" width=\"1000\" height=\"667\" data-id=\"51377\" src=\"https:\/\/www.villa-j.fr\/wp-content\/uploads\/2016\/05\/MG_9407-retouche-BD-1.jpg\" alt=\"\" class=\"wp-image-51377\" srcset=\"https:\/\/www.villa-j.fr\/wp-content\/uploads\/2016\/05\/MG_9407-retouche-BD-1.jpg 1000w, https:\/\/www.villa-j.fr\/wp-content\/uploads\/2016\/05\/MG_9407-retouche-BD-1-550x367.jpg 550w, https:\/\/www.villa-j.fr\/wp-content\/uploads\/2016\/05\/MG_9407-retouche-BD-1-800x534.jpg 800w, https:\/\/www.villa-j.fr\/wp-content\/uploads\/2016\/05\/MG_9407-retouche-BD-1-360x240.jpg 360w, https:\/\/www.villa-j.fr\/wp-content\/uploads\/2016\/05\/MG_9407-retouche-BD-1-768x512.jpg 768w\" sizes=\"auto, (max-width: 1000px) 100vw, 1000px\" \/><\/figure>\n\n\n\n<figure class=\"wp-block-image size-large\"><img loading=\"lazy\" decoding=\"async\" width=\"1000\" height=\"667\" data-id=\"52311\" src=\"https:\/\/www.villa-j.fr\/wp-content\/uploads\/2019\/09\/MG_9491-retouche-BD.jpg\" alt=\"\" class=\"wp-image-52311\" srcset=\"https:\/\/www.villa-j.fr\/wp-content\/uploads\/2019\/09\/MG_9491-retouche-BD.jpg 1000w, https:\/\/www.villa-j.fr\/wp-content\/uploads\/2019\/09\/MG_9491-retouche-BD-550x367.jpg 550w, https:\/\/www.villa-j.fr\/wp-content\/uploads\/2019\/09\/MG_9491-retouche-BD-800x534.jpg 800w, https:\/\/www.villa-j.fr\/wp-content\/uploads\/2019\/09\/MG_9491-retouche-BD-360x240.jpg 360w, https:\/\/www.villa-j.fr\/wp-content\/uploads\/2019\/09\/MG_9491-retouche-BD-768x512.jpg 768w\" sizes=\"auto, (max-width: 1000px) 100vw, 1000px\" \/><\/figure>\n<\/figure>\n","protected":false},"featured_media":51398,"template":"","type_d_evenement":[11],"class_list":["post-51934","evenement","type-evenement","status-publish","has-post-thumbnail","hentry","type_d_evenement-exposition"],"acf":[],"yoast_head":"<!-- This site is optimized with the Yoast SEO plugin v26.9 - https:\/\/yoast.com\/product\/yoast-seo-wordpress\/ -->\n<title>La Suite dans le Jardin \/ Sculptures de Ursula Hanes - Villa J<\/title>\n<meta name=\"robots\" content=\"index, follow, max-snippet:-1, max-image-preview:large, max-video-preview:-1\" \/>\n<link rel=\"canonical\" href=\"https:\/\/www.villa-j.fr\/en\/evenements\/la-suite-dans-le-jardin-sculptures-de-ursula-hanes\/\" \/>\n<meta property=\"og:locale\" content=\"en_US\" \/>\n<meta property=\"og:type\" content=\"article\" \/>\n<meta property=\"og:title\" content=\"La Suite dans le Jardin \/ Sculptures de Ursula Hanes - Villa J\" \/>\n<meta property=\"og:description\" content=\"Ursula Hanes, artiste canadienne s&#8217;est install\u00e9e dans les Alpilles o\u00f9 elle travaille depuis des ann\u00e9es. Les formes et les mouvements des collines proven\u00e7ales d&#8217;Aureille inspirent ses oeuvres sculpt\u00e9es dans le marbre, fa\u00e7onn\u00e9es dans l&#8217;argile ou fondues dans le bronze. En parall\u00e8le de son exposition retrospective pr\u00e9sent\u00e9e \u00e0 l&#8217;Espace Van Gogh du 27 mai au 6 [&hellip;]\" \/>\n<meta property=\"og:url\" content=\"https:\/\/www.villa-j.fr\/en\/evenements\/la-suite-dans-le-jardin-sculptures-de-ursula-hanes\/\" \/>\n<meta property=\"og:site_name\" content=\"Villa J\" \/>\n<meta property=\"article:publisher\" content=\"https:\/\/www.facebook.com\/EspaceVillaJ\" \/>\n<meta property=\"article:modified_time\" content=\"2025-07-29T09:14:28+00:00\" \/>\n<meta property=\"og:image\" content=\"https:\/\/www.villa-j.fr\/wp-content\/uploads\/2016\/05\/IMG_3955-retouche-horizontal.jpg\" \/>\n\t<meta property=\"og:image:width\" content=\"1000\" \/>\n\t<meta property=\"og:image:height\" content=\"667\" \/>\n\t<meta property=\"og:image:type\" content=\"image\/jpeg\" \/>\n<meta name=\"twitter:card\" content=\"summary_large_image\" \/>\n<meta name=\"twitter:label1\" content=\"Est. reading time\" \/>\n\t<meta name=\"twitter:data1\" content=\"2 minutes\" \/>\n<!-- \/ Yoast SEO plugin. -->","yoast_head_json":{"title":"La Suite dans le Jardin \/ Sculptures de Ursula Hanes - Villa J","robots":{"index":"index","follow":"follow","max-snippet":"max-snippet:-1","max-image-preview":"max-image-preview:large","max-video-preview":"max-video-preview:-1"},"canonical":"https:\/\/www.villa-j.fr\/en\/evenements\/la-suite-dans-le-jardin-sculptures-de-ursula-hanes\/","og_locale":"en_US","og_type":"article","og_title":"La Suite dans le Jardin \/ Sculptures de Ursula Hanes - Villa J","og_description":"Ursula Hanes, artiste canadienne s&#8217;est install\u00e9e dans les Alpilles o\u00f9 elle travaille depuis des ann\u00e9es. Les formes et les mouvements des collines proven\u00e7ales d&#8217;Aureille inspirent ses oeuvres sculpt\u00e9es dans le marbre, fa\u00e7onn\u00e9es dans l&#8217;argile ou fondues dans le bronze. En parall\u00e8le de son exposition retrospective pr\u00e9sent\u00e9e \u00e0 l&#8217;Espace Van Gogh du 27 mai au 6 [&hellip;]","og_url":"https:\/\/www.villa-j.fr\/en\/evenements\/la-suite-dans-le-jardin-sculptures-de-ursula-hanes\/","og_site_name":"Villa J","article_publisher":"https:\/\/www.facebook.com\/EspaceVillaJ","article_modified_time":"2025-07-29T09:14:28+00:00","og_image":[{"width":1000,"height":667,"url":"https:\/\/www.villa-j.fr\/wp-content\/uploads\/2016\/05\/IMG_3955-retouche-horizontal.jpg","type":"image\/jpeg"}],"twitter_card":"summary_large_image","twitter_misc":{"Est. reading time":"2 minutes"},"schema":{"@context":"https:\/\/schema.org","@graph":[{"@type":"WebPage","@id":"https:\/\/www.villa-j.fr\/en\/evenements\/la-suite-dans-le-jardin-sculptures-de-ursula-hanes\/","url":"https:\/\/www.villa-j.fr\/en\/evenements\/la-suite-dans-le-jardin-sculptures-de-ursula-hanes\/","name":"La Suite dans le Jardin \/ Sculptures de Ursula Hanes - Villa J","isPartOf":{"@id":"https:\/\/www.villa-j.fr\/en\/#website"},"primaryImageOfPage":{"@id":"https:\/\/www.villa-j.fr\/en\/evenements\/la-suite-dans-le-jardin-sculptures-de-ursula-hanes\/#primaryimage"},"image":{"@id":"https:\/\/www.villa-j.fr\/en\/evenements\/la-suite-dans-le-jardin-sculptures-de-ursula-hanes\/#primaryimage"},"thumbnailUrl":"https:\/\/www.villa-j.fr\/wp-content\/uploads\/2016\/05\/IMG_3955-retouche-horizontal.jpg","datePublished":"2019-09-25T08:05:55+00:00","dateModified":"2025-07-29T09:14:28+00:00","breadcrumb":{"@id":"https:\/\/www.villa-j.fr\/en\/evenements\/la-suite-dans-le-jardin-sculptures-de-ursula-hanes\/#breadcrumb"},"inLanguage":"en-US","potentialAction":[{"@type":"ReadAction","target":["https:\/\/www.villa-j.fr\/en\/evenements\/la-suite-dans-le-jardin-sculptures-de-ursula-hanes\/"]}]},{"@type":"ImageObject","inLanguage":"en-US","@id":"https:\/\/www.villa-j.fr\/en\/evenements\/la-suite-dans-le-jardin-sculptures-de-ursula-hanes\/#primaryimage","url":"https:\/\/www.villa-j.fr\/wp-content\/uploads\/2016\/05\/IMG_3955-retouche-horizontal.jpg","contentUrl":"https:\/\/www.villa-j.fr\/wp-content\/uploads\/2016\/05\/IMG_3955-retouche-horizontal.jpg","width":1000,"height":667},{"@type":"BreadcrumbList","@id":"https:\/\/www.villa-j.fr\/en\/evenements\/la-suite-dans-le-jardin-sculptures-de-ursula-hanes\/#breadcrumb","itemListElement":[{"@type":"ListItem","position":1,"name":"Accueil","item":"https:\/\/www.villa-j.fr\/en\/"},{"@type":"ListItem","position":2,"name":"\u00c9v\u00e8nements","item":"https:\/\/www.villa-j.fr\/en\/events\/"},{"@type":"ListItem","position":3,"name":"La Suite dans le Jardin \/ Sculptures de Ursula Hanes"}]},{"@type":"WebSite","@id":"https:\/\/www.villa-j.fr\/en\/#website","url":"https:\/\/www.villa-j.fr\/en\/","name":"Villa J","description":"Un lieu pour vos formations, s\u00e9minaires, coworking, r\u00e9unions profesionnelles, \u00e9v\u00e8nements culturels et expositions \u00e0 Arles","publisher":{"@id":"https:\/\/www.villa-j.fr\/en\/#organization"},"potentialAction":[{"@type":"SearchAction","target":{"@type":"EntryPoint","urlTemplate":"https:\/\/www.villa-j.fr\/en\/?s={search_term_string}"},"query-input":{"@type":"PropertyValueSpecification","valueRequired":true,"valueName":"search_term_string"}}],"inLanguage":"en-US"},{"@type":"Organization","@id":"https:\/\/www.villa-j.fr\/en\/#organization","name":"Villa J","url":"https:\/\/www.villa-j.fr\/en\/","logo":{"@type":"ImageObject","inLanguage":"en-US","@id":"https:\/\/www.villa-j.fr\/en\/#\/schema\/logo\/image\/","url":"https:\/\/www.villa-j.fr\/wp-content\/uploads\/2025\/07\/favicon.png","contentUrl":"https:\/\/www.villa-j.fr\/wp-content\/uploads\/2025\/07\/favicon.png","width":1067,"height":1067,"caption":"Villa J"},"image":{"@id":"https:\/\/www.villa-j.fr\/en\/#\/schema\/logo\/image\/"},"sameAs":["https:\/\/www.facebook.com\/EspaceVillaJ"]}]}},"_links":{"self":[{"href":"https:\/\/www.villa-j.fr\/en\/wp-json\/wp\/v2\/evenement\/51934","targetHints":{"allow":["GET"]}}],"collection":[{"href":"https:\/\/www.villa-j.fr\/en\/wp-json\/wp\/v2\/evenement"}],"about":[{"href":"https:\/\/www.villa-j.fr\/en\/wp-json\/wp\/v2\/types\/evenement"}],"wp:featuredmedia":[{"embeddable":true,"href":"https:\/\/www.villa-j.fr\/en\/wp-json\/wp\/v2\/media\/51398"}],"wp:attachment":[{"href":"https:\/\/www.villa-j.fr\/en\/wp-json\/wp\/v2\/media?parent=51934"}],"wp:term":[{"taxonomy":"type_d_evenement","embeddable":true,"href":"https:\/\/www.villa-j.fr\/en\/wp-json\/wp\/v2\/type_d_evenement?post=51934"}],"curies":[{"name":"wp","href":"https:\/\/api.w.org\/{rel}","templated":true}]}}

<div class="wp-block-media-text is-stacked-on-mobile"><figure class="wp-block-media-text__media"><img loading="lazy" decoding="async" width="800" height="533" src="https://www.villa-j.fr/wp-content/uploads/2016/05/UrsulaHanes-1.jpg" alt="" class="wp-image-51388 size-full" srcset="https://www.villa-j.fr/wp-content/uploads/2016/05/UrsulaHanes-1.jpg 800w, https://www.villa-j.fr/wp-content/uploads/2016/05/UrsulaHanes-1-550x366.jpg 550w, https://www.villa-j.fr/wp-content/uploads/2016/05/UrsulaHanes-1-360x240.jpg 360w, https://www.villa-j.fr/wp-content/uploads/2016/05/UrsulaHanes-1-768x512.jpg 768w" sizes="auto, (max-width: 800px) 100vw, 800px" /></figure><div class="wp-block-media-text__content">
<p>Ursula Hanes, artiste canadienne s&#8217;est installée dans les Alpilles où elle travaille depuis des années. Les formes et les mouvements des collines provençales d&#8217;Aureille inspirent ses oeuvres sculptées dans le marbre, façonnées dans l&#8217;argile ou fondues dans le bronze. En parallèle de son exposition retrospective présentée à l&#8217;Espace Van Gogh du 27 mai au 6 juin 2016, l&#8217;artiste présente six oeuvres dans l&#8217;écrin de verdure de la Villa J.</p>



<p><strong>Rencontre-échange avec Ursula Hanes</strong>, avec la participation de la journaliste Ariane Allard, <strong>samedi 18 juin à 17h30</strong></p>



<p><strong>Exposition</strong> à découvrir <strong>du 27 mai au 18 juin 2016, </strong>du lundi au samedi de 10h à 18h</p>
</div></div>



<div style="height:50px" aria-hidden="true" class="wp-block-spacer"></div>



<figure class="wp-block-gallery has-nested-images columns-default is-cropped wp-block-gallery-1 is-layout-flex wp-block-gallery-is-layout-flex">
<figure class="wp-block-image size-large"><img loading="lazy" decoding="async" width="1000" height="667" data-id="51432" src="https://www.villa-j.fr/wp-content/uploads/2016/06/IMG_3955-retouche-horizontal.jpg" alt="" class="wp-image-51432" srcset="https://www.villa-j.fr/wp-content/uploads/2016/06/IMG_3955-retouche-horizontal.jpg 1000w, https://www.villa-j.fr/wp-content/uploads/2016/06/IMG_3955-retouche-horizontal-550x367.jpg 550w, https://www.villa-j.fr/wp-content/uploads/2016/06/IMG_3955-retouche-horizontal-800x534.jpg 800w, https://www.villa-j.fr/wp-content/uploads/2016/06/IMG_3955-retouche-horizontal-360x240.jpg 360w, https://www.villa-j.fr/wp-content/uploads/2016/06/IMG_3955-retouche-horizontal-768x512.jpg 768w" sizes="auto, (max-width: 1000px) 100vw, 1000px" /></figure>



<figure class="wp-block-image size-full"><img loading="lazy" decoding="async" width="1000" height="667" data-id="51377" src="https://www.villa-j.fr/wp-content/uploads/2016/05/MG_9407-retouche-BD-1.jpg" alt="" class="wp-image-51377" srcset="https://www.villa-j.fr/wp-content/uploads/2016/05/MG_9407-retouche-BD-1.jpg 1000w, https://www.villa-j.fr/wp-content/uploads/2016/05/MG_9407-retouche-BD-1-550x367.jpg 550w, https://www.villa-j.fr/wp-content/uploads/2016/05/MG_9407-retouche-BD-1-800x534.jpg 800w, https://www.villa-j.fr/wp-content/uploads/2016/05/MG_9407-retouche-BD-1-360x240.jpg 360w, https://www.villa-j.fr/wp-content/uploads/2016/05/MG_9407-retouche-BD-1-768x512.jpg 768w" sizes="auto, (max-width: 1000px) 100vw, 1000px" /></figure>



<figure class="wp-block-image size-large"><img loading="lazy" decoding="async" width="1000" height="667" data-id="52311" src="https://www.villa-j.fr/wp-content/uploads/2019/09/MG_9491-retouche-BD.jpg" alt="" class="wp-image-52311" srcset="https://www.villa-j.fr/wp-content/uploads/2019/09/MG_9491-retouche-BD.jpg 1000w, https://www.villa-j.fr/wp-content/uploads/2019/09/MG_9491-retouche-BD-550x367.jpg 550w, https://www.villa-j.fr/wp-content/uploads/2019/09/MG_9491-retouche-BD-800x534.jpg 800w, https://www.villa-j.fr/wp-content/uploads/2019/09/MG_9491-retouche-BD-360x240.jpg 360w, https://www.villa-j.fr/wp-content/uploads/2019/09/MG_9491-retouche-BD-768x512.jpg 768w" sizes="auto, (max-width: 1000px) 100vw, 1000px" /></figure>
</figure>

<!-- This site is optimized with the Yoast SEO plugin v26.9 - https://yoast.com/product/yoast-seo-wordpress/ -->
<title>La Suite dans le Jardin / Sculptures de Ursula Hanes - Villa J</title>
<meta name="robots" content="index, follow, max-snippet:-1, max-image-preview:large, max-video-preview:-1" />
<link rel="canonical" href="https://www.villa-j.fr/en/evenements/la-suite-dans-le-jardin-sculptures-de-ursula-hanes/" />
<meta property="og:locale" content="en_US" />
<meta property="og:type" content="article" />
<meta property="og:title" content="La Suite dans le Jardin / Sculptures de Ursula Hanes - Villa J" />
<meta property="og:description" content="Ursula Hanes, artiste canadienne s&#8217;est installée dans les Alpilles où elle travaille depuis des années. Les formes et les mouvements des collines provençales d&#8217;Aureille inspirent ses oeuvres sculptées dans le marbre, façonnées dans l&#8217;argile ou fondues dans le bronze. En parallèle de son exposition retrospective présentée à l&#8217;Espace Van Gogh du 27 mai au 6 [&hellip;]" />
<meta property="og:url" content="https://www.villa-j.fr/en/evenements/la-suite-dans-le-jardin-sculptures-de-ursula-hanes/" />
<meta property="og:site_name" content="Villa J" />
<meta property="article:publisher" content="https://www.facebook.com/EspaceVillaJ" />
<meta property="article:modified_time" content="2025-07-29T09:14:28+00:00" />
<meta property="og:image" content="https://www.villa-j.fr/wp-content/uploads/2016/05/IMG_3955-retouche-horizontal.jpg" />
	<meta property="og:image:width" content="1000" />
	<meta property="og:image:height" content="667" />
	<meta property="og:image:type" content="image/jpeg" />
<meta name="twitter:card" content="summary_large_image" />
<meta name="twitter:label1" content="Est. reading time" />
	<meta name="twitter:data1" content="2 minutes" />
<!-- / Yoast SEO plugin. -->

Ursula Hanes, artiste canadienne s&#8217;est installée dans les Alpilles où elle travaille depuis des années. Les formes et les mouvements des collines provençales d&#8217;Aureille inspirent ses oeuvres sculptées dans le marbre, façonnées dans l&#8217;argile ou fondues dans le bronze. En parallèle de son exposition retrospective présentée à l&#8217;Espace Van Gogh du 27 mai au 6 [&hellip;]

Évènements

Un lieu pour vos formations, séminaires, coworking, réunions profesionnelles, évènements culturels et expositions à Arles
