{"id":51932,"date":"2023-06-30T14:08:32","date_gmt":"2023-06-30T14:08:32","guid":{"rendered":"https:\/\/www.villa-j.fr\/evenements\/les-salons-de-musique-du-festival-les-suds-2023\/"},"modified":"2024-04-09T16:19:18","modified_gmt":"2024-04-09T16:19:18","slug":"les-salons-de-musique-du-festival-les-suds-2023","status":"publish","type":"evenement","link":"https:\/\/www.villa-j.fr\/en\/evenements\/les-salons-de-musique-du-festival-les-suds-2023\/","title":{"rendered":"Les salons de musique du festival Les Suds 2023"},"content":{"rendered":"\n<p class=\"has-text-align-center\"><strong>Le jardin de la Villa J a le plaisir d&#8217;accueillir pour la 6e ann\u00e9e les Salons de musique du Festival de musiques du Monde, les Suds.<\/strong><br><strong>Une petite parenth\u00e8se conviviale autour de musiciens du festival.<\/strong><\/p>\n\n\n\n<div style=\"height:70px\" aria-hidden=\"true\" class=\"wp-block-spacer\"><\/div>\n\n\n<div class=\"wp-block-image\">\n<figure class=\"aligncenter size-full is-resized\"><a href=\"https:\/\/www.villa-j.fr\/wp-content\/uploads\/2023\/06\/LesSuds-2019-MG_4337-retouche.jpg\"><img loading=\"lazy\" decoding=\"async\" src=\"https:\/\/www.villa-j.fr\/wp-content\/uploads\/2023\/06\/LesSuds-2019-MG_4337-retouche.jpg\" alt=\"\" class=\"wp-image-51921\" width=\"675\" height=\"450\" srcset=\"https:\/\/www.villa-j.fr\/wp-content\/uploads\/2023\/06\/LesSuds-2019-MG_4337-retouche.jpg 900w, https:\/\/www.villa-j.fr\/wp-content\/uploads\/2023\/06\/LesSuds-2019-MG_4337-retouche-550x367.jpg 550w, https:\/\/www.villa-j.fr\/wp-content\/uploads\/2023\/06\/LesSuds-2019-MG_4337-retouche-800x533.jpg 800w, https:\/\/www.villa-j.fr\/wp-content\/uploads\/2023\/06\/LesSuds-2019-MG_4337-retouche-360x240.jpg 360w, https:\/\/www.villa-j.fr\/wp-content\/uploads\/2023\/06\/LesSuds-2019-MG_4337-retouche-768x512.jpg 768w\" sizes=\"auto, (max-width: 675px) 100vw, 675px\" \/><\/a><\/figure><\/div>\n\n\n<div style=\"height:100px\" aria-hidden=\"true\" class=\"wp-block-spacer\"><\/div>\n\n\n\n<div class=\"wp-block-media-text alignwide is-stacked-on-mobile\" style=\"grid-template-columns:35% auto\"><figure class=\"wp-block-media-text__media\"><img decoding=\"async\" src=\"https:\/\/www.villa-j.fr\/wp-content\/uploads\/2023\/06\/PERRATE-CORINNE-FRAYSSINET-SAVY_2023-07-12-1024x1024.jpeg\" alt=\"\" class=\"wp-image-51918 size-full\"\/><\/figure><div class=\"wp-block-media-text__content\">\n<h3 class=\"wp-block-heading\">Mercredi 12 juillet : PERRATE &amp; CORINNE FRAYSSINET SAVY<\/h3>\n\n\n\n<p>\u00c0 la crois\u00e9e du&nbsp;<em>cante jondo<\/em>, des musiques d\u2019ida y vuelta et d\u2019exp\u00e9rimentations sonores insolites, son \u0153uvre radicale fait d\u2019ores et d\u00e9j\u00e0 date dans la future Histoire du flamenco. Le&nbsp;<em>cantaor<\/em>&nbsp;converse avec l\u2019ethno-musicologue&nbsp;<strong>Corinne Frayssinet Savy<\/strong>.<\/p>\n<\/div><\/div>\n\n\n\n<div style=\"height:100px\" aria-hidden=\"true\" class=\"wp-block-spacer\"><\/div>\n\n\n\n<div class=\"wp-block-media-text alignwide is-stacked-on-mobile\" style=\"grid-template-columns:35% auto\"><figure class=\"wp-block-media-text__media\"><img decoding=\"async\" src=\"https:\/\/www.villa-j.fr\/wp-content\/uploads\/2023\/06\/MERAL-POLAT-PATRICK-LABESSE_2023-07-14-1024x1024.jpeg\" alt=\"\" class=\"wp-image-51917 size-full\"\/><\/figure><div class=\"wp-block-media-text__content\">\n<h3 class=\"wp-block-heading\">Vendredi 14 juillet : MERAL POLAT &amp; PATRICK LABESSE<\/h3>\n\n\n\n<p>N\u00e9e \u00e0 Amsterdam, d\u2019origine kurdes et turques, elle est auteure, compositrice, interpr\u00e8te, mais aussi une actrice et metteure en sc\u00e8ne de renom aux Pays-Bas. Meral Polat se confie \u00e0 Patrick Labesse, journaliste au Monde.<\/p>\n<\/div><\/div>\n\n\n\n<div style=\"height:100px\" aria-hidden=\"true\" class=\"wp-block-spacer\"><\/div>\n\n\n\n<div class=\"wp-block-media-text alignwide is-stacked-on-mobile\" style=\"grid-template-columns:35% auto\"><figure class=\"wp-block-media-text__media\"><img decoding=\"async\" src=\"https:\/\/www.villa-j.fr\/wp-content\/uploads\/2023\/06\/MARTIN-MEISSONNIER-BABA-SQUAALY_2023-07-15-1024x1024.jpeg\" alt=\"\" class=\"wp-image-51916 size-full\"\/><\/figure><div class=\"wp-block-media-text__content\">\n<h3 class=\"wp-block-heading\">Samedi 15 juillet : MARTIN MEISSONNIER &amp; BABA SQUAALY<\/h3>\n\n\n\n<p>Parmi ses multiples talents, les festivalier\u00b7\u00e8res connaissent celui de d\u00e9fricheur de sons\u2026 Martin Meissonnier est aussi journaliste, auteur, producteur, compositeur et r\u00e9alisateur de documentaires sur des sujets aussi vari\u00e9s que Jeanne d\u2019Arc, le bonheur au travail ou les nouveaux mod\u00e8les scolaires. Il \u00e9change ici avec Baba Squaaly, journaliste pour Radio NOVA, qui r\u00e9gale les noctambules sous le nom de Big Buddha.<\/p>\n<\/div><\/div>\n\n\n\n<div style=\"height:100px\" aria-hidden=\"true\" class=\"wp-block-spacer\"><\/div>\n\n\n\n<div class=\"wp-block-buttons is-layout-flex wp-block-buttons-is-layout-flex\">\n<div class=\"wp-block-button\"><a class=\"wp-block-button__link\" href=\"https:\/\/www.suds-arles.com\/billetterie\/fr\/2023\/festival\" target=\"_blank\" rel=\"noreferrer noopener\">Consulter le programme du festival<\/a><\/div>\n<\/div>\n","protected":false},"featured_media":84,"template":"","type_d_evenement":[6],"class_list":["post-51932","evenement","type-evenement","status-publish","has-post-thumbnail","hentry","type_d_evenement-rencontre"],"acf":[],"yoast_head":"<!-- This site is optimized with the Yoast SEO plugin v26.9 - https:\/\/yoast.com\/product\/yoast-seo-wordpress\/ -->\n<title>Les salons de musique du festival Les Suds 2023 - Villa J<\/title>\n<meta name=\"robots\" content=\"index, follow, max-snippet:-1, max-image-preview:large, max-video-preview:-1\" \/>\n<link rel=\"canonical\" href=\"https:\/\/www.villa-j.fr\/en\/evenements\/les-salons-de-musique-du-festival-les-suds-2023\/\" \/>\n<meta property=\"og:locale\" content=\"en_US\" \/>\n<meta property=\"og:type\" content=\"article\" \/>\n<meta property=\"og:title\" content=\"Les salons de musique du festival Les Suds 2023 - Villa J\" \/>\n<meta property=\"og:description\" content=\"Le jardin de la Villa J a le plaisir d&#8217;accueillir pour la 6e ann\u00e9e les Salons de musique du Festival de musiques du Monde, les Suds.Une petite parenth\u00e8se conviviale autour de musiciens du festival. Mercredi 12 juillet : PERRATE &amp; CORINNE FRAYSSINET SAVY \u00c0 la crois\u00e9e du&nbsp;cante jondo, des musiques d\u2019ida y vuelta et d\u2019exp\u00e9rimentations [&hellip;]\" \/>\n<meta property=\"og:url\" content=\"https:\/\/www.villa-j.fr\/en\/evenements\/les-salons-de-musique-du-festival-les-suds-2023\/\" \/>\n<meta property=\"og:site_name\" content=\"Villa J\" \/>\n<meta property=\"article:publisher\" content=\"https:\/\/www.facebook.com\/EspaceVillaJ\" \/>\n<meta property=\"article:modified_time\" content=\"2024-04-09T16:19:18+00:00\" \/>\n<meta property=\"og:image\" content=\"https:\/\/www.villa-j.fr\/wp-content\/uploads\/2024\/03\/lesSuds-arles-2023.jpeg\" \/>\n\t<meta property=\"og:image:width\" content=\"700\" \/>\n\t<meta property=\"og:image:height\" content=\"450\" \/>\n\t<meta property=\"og:image:type\" content=\"image\/jpeg\" \/>\n<meta name=\"twitter:card\" content=\"summary_large_image\" \/>\n<meta name=\"twitter:label1\" content=\"Est. reading time\" \/>\n\t<meta name=\"twitter:data1\" content=\"2 minutes\" \/>\n<!-- \/ Yoast SEO plugin. -->","yoast_head_json":{"title":"Les salons de musique du festival Les Suds 2023 - Villa J","robots":{"index":"index","follow":"follow","max-snippet":"max-snippet:-1","max-image-preview":"max-image-preview:large","max-video-preview":"max-video-preview:-1"},"canonical":"https:\/\/www.villa-j.fr\/en\/evenements\/les-salons-de-musique-du-festival-les-suds-2023\/","og_locale":"en_US","og_type":"article","og_title":"Les salons de musique du festival Les Suds 2023 - Villa J","og_description":"Le jardin de la Villa J a le plaisir d&#8217;accueillir pour la 6e ann\u00e9e les Salons de musique du Festival de musiques du Monde, les Suds.Une petite parenth\u00e8se conviviale autour de musiciens du festival. Mercredi 12 juillet : PERRATE &amp; CORINNE FRAYSSINET SAVY \u00c0 la crois\u00e9e du&nbsp;cante jondo, des musiques d\u2019ida y vuelta et d\u2019exp\u00e9rimentations [&hellip;]","og_url":"https:\/\/www.villa-j.fr\/en\/evenements\/les-salons-de-musique-du-festival-les-suds-2023\/","og_site_name":"Villa J","article_publisher":"https:\/\/www.facebook.com\/EspaceVillaJ","article_modified_time":"2024-04-09T16:19:18+00:00","og_image":[{"width":700,"height":450,"url":"https:\/\/www.villa-j.fr\/wp-content\/uploads\/2024\/03\/lesSuds-arles-2023.jpeg","type":"image\/jpeg"}],"twitter_card":"summary_large_image","twitter_misc":{"Est. reading time":"2 minutes"},"schema":{"@context":"https:\/\/schema.org","@graph":[{"@type":"WebPage","@id":"https:\/\/www.villa-j.fr\/en\/evenements\/les-salons-de-musique-du-festival-les-suds-2023\/","url":"https:\/\/www.villa-j.fr\/en\/evenements\/les-salons-de-musique-du-festival-les-suds-2023\/","name":"Les salons de musique du festival Les Suds 2023 - Villa J","isPartOf":{"@id":"https:\/\/www.villa-j.fr\/en\/#website"},"primaryImageOfPage":{"@id":"https:\/\/www.villa-j.fr\/en\/evenements\/les-salons-de-musique-du-festival-les-suds-2023\/#primaryimage"},"image":{"@id":"https:\/\/www.villa-j.fr\/en\/evenements\/les-salons-de-musique-du-festival-les-suds-2023\/#primaryimage"},"thumbnailUrl":"https:\/\/www.villa-j.fr\/wp-content\/uploads\/2024\/03\/lesSuds-arles-2023.jpeg","datePublished":"2023-06-30T14:08:32+00:00","dateModified":"2024-04-09T16:19:18+00:00","breadcrumb":{"@id":"https:\/\/www.villa-j.fr\/en\/evenements\/les-salons-de-musique-du-festival-les-suds-2023\/#breadcrumb"},"inLanguage":"en-US","potentialAction":[{"@type":"ReadAction","target":["https:\/\/www.villa-j.fr\/en\/evenements\/les-salons-de-musique-du-festival-les-suds-2023\/"]}]},{"@type":"ImageObject","inLanguage":"en-US","@id":"https:\/\/www.villa-j.fr\/en\/evenements\/les-salons-de-musique-du-festival-les-suds-2023\/#primaryimage","url":"https:\/\/www.villa-j.fr\/wp-content\/uploads\/2024\/03\/lesSuds-arles-2023.jpeg","contentUrl":"https:\/\/www.villa-j.fr\/wp-content\/uploads\/2024\/03\/lesSuds-arles-2023.jpeg","width":700,"height":450},{"@type":"BreadcrumbList","@id":"https:\/\/www.villa-j.fr\/en\/evenements\/les-salons-de-musique-du-festival-les-suds-2023\/#breadcrumb","itemListElement":[{"@type":"ListItem","position":1,"name":"Accueil","item":"https:\/\/www.villa-j.fr\/en\/"},{"@type":"ListItem","position":2,"name":"\u00c9v\u00e8nements","item":"https:\/\/www.villa-j.fr\/en\/events\/"},{"@type":"ListItem","position":3,"name":"Les salons de musique du festival Les Suds 2023"}]},{"@type":"WebSite","@id":"https:\/\/www.villa-j.fr\/en\/#website","url":"https:\/\/www.villa-j.fr\/en\/","name":"Villa J","description":"Un lieu pour vos formations, s\u00e9minaires, coworking, r\u00e9unions profesionnelles, \u00e9v\u00e8nements culturels et expositions \u00e0 Arles","publisher":{"@id":"https:\/\/www.villa-j.fr\/en\/#organization"},"potentialAction":[{"@type":"SearchAction","target":{"@type":"EntryPoint","urlTemplate":"https:\/\/www.villa-j.fr\/en\/?s={search_term_string}"},"query-input":{"@type":"PropertyValueSpecification","valueRequired":true,"valueName":"search_term_string"}}],"inLanguage":"en-US"},{"@type":"Organization","@id":"https:\/\/www.villa-j.fr\/en\/#organization","name":"Villa J","url":"https:\/\/www.villa-j.fr\/en\/","logo":{"@type":"ImageObject","inLanguage":"en-US","@id":"https:\/\/www.villa-j.fr\/en\/#\/schema\/logo\/image\/","url":"https:\/\/www.villa-j.fr\/wp-content\/uploads\/2025\/07\/favicon.png","contentUrl":"https:\/\/www.villa-j.fr\/wp-content\/uploads\/2025\/07\/favicon.png","width":1067,"height":1067,"caption":"Villa J"},"image":{"@id":"https:\/\/www.villa-j.fr\/en\/#\/schema\/logo\/image\/"},"sameAs":["https:\/\/www.facebook.com\/EspaceVillaJ"]}]}},"_links":{"self":[{"href":"https:\/\/www.villa-j.fr\/en\/wp-json\/wp\/v2\/evenement\/51932","targetHints":{"allow":["GET"]}}],"collection":[{"href":"https:\/\/www.villa-j.fr\/en\/wp-json\/wp\/v2\/evenement"}],"about":[{"href":"https:\/\/www.villa-j.fr\/en\/wp-json\/wp\/v2\/types\/evenement"}],"wp:featuredmedia":[{"embeddable":true,"href":"https:\/\/www.villa-j.fr\/en\/wp-json\/wp\/v2\/media\/84"}],"wp:attachment":[{"href":"https:\/\/www.villa-j.fr\/en\/wp-json\/wp\/v2\/media?parent=51932"}],"wp:term":[{"taxonomy":"type_d_evenement","embeddable":true,"href":"https:\/\/www.villa-j.fr\/en\/wp-json\/wp\/v2\/type_d_evenement?post=51932"}],"curies":[{"name":"wp","href":"https:\/\/api.w.org\/{rel}","templated":true}]}}

<p class="has-text-align-center"><strong>Le jardin de la Villa J a le plaisir d&#8217;accueillir pour la 6e année les Salons de musique du Festival de musiques du Monde, les Suds.</strong><br><strong>Une petite parenthèse conviviale autour de musiciens du festival.</strong></p>



<div style="height:70px" aria-hidden="true" class="wp-block-spacer"></div>


<div class="wp-block-image">
<figure class="aligncenter size-full is-resized"><a href="https://www.villa-j.fr/wp-content/uploads/2023/06/LesSuds-2019-MG_4337-retouche.jpg"><img loading="lazy" decoding="async" src="https://www.villa-j.fr/wp-content/uploads/2023/06/LesSuds-2019-MG_4337-retouche.jpg" alt="" class="wp-image-51921" width="675" height="450" srcset="https://www.villa-j.fr/wp-content/uploads/2023/06/LesSuds-2019-MG_4337-retouche.jpg 900w, https://www.villa-j.fr/wp-content/uploads/2023/06/LesSuds-2019-MG_4337-retouche-550x367.jpg 550w, https://www.villa-j.fr/wp-content/uploads/2023/06/LesSuds-2019-MG_4337-retouche-800x533.jpg 800w, https://www.villa-j.fr/wp-content/uploads/2023/06/LesSuds-2019-MG_4337-retouche-360x240.jpg 360w, https://www.villa-j.fr/wp-content/uploads/2023/06/LesSuds-2019-MG_4337-retouche-768x512.jpg 768w" sizes="auto, (max-width: 675px) 100vw, 675px" /></a></figure></div>


<div style="height:100px" aria-hidden="true" class="wp-block-spacer"></div>



<div class="wp-block-media-text alignwide is-stacked-on-mobile" style="grid-template-columns:35% auto"><figure class="wp-block-media-text__media"><img decoding="async" src="https://www.villa-j.fr/wp-content/uploads/2023/06/PERRATE-CORINNE-FRAYSSINET-SAVY_2023-07-12-1024x1024.jpeg" alt="" class="wp-image-51918 size-full"/></figure><div class="wp-block-media-text__content">
<h3 class="wp-block-heading">Mercredi 12 juillet : PERRATE &amp; CORINNE FRAYSSINET SAVY</h3>



<p>À la croisée du&nbsp;<em>cante jondo</em>, des musiques d’ida y vuelta et d’expérimentations sonores insolites, son œuvre radicale fait d’ores et déjà date dans la future Histoire du flamenco. Le&nbsp;<em>cantaor</em>&nbsp;converse avec l’ethno-musicologue&nbsp;<strong>Corinne Frayssinet Savy</strong>.</p>
</div></div>



<div style="height:100px" aria-hidden="true" class="wp-block-spacer"></div>



<div class="wp-block-media-text alignwide is-stacked-on-mobile" style="grid-template-columns:35% auto"><figure class="wp-block-media-text__media"><img decoding="async" src="https://www.villa-j.fr/wp-content/uploads/2023/06/MERAL-POLAT-PATRICK-LABESSE_2023-07-14-1024x1024.jpeg" alt="" class="wp-image-51917 size-full"/></figure><div class="wp-block-media-text__content">
<h3 class="wp-block-heading">Vendredi 14 juillet : MERAL POLAT &amp; PATRICK LABESSE</h3>



<p>Née à Amsterdam, d’origine kurdes et turques, elle est auteure, compositrice, interprète, mais aussi une actrice et metteure en scène de renom aux Pays-Bas. Meral Polat se confie à Patrick Labesse, journaliste au Monde.</p>
</div></div>



<div style="height:100px" aria-hidden="true" class="wp-block-spacer"></div>



<div class="wp-block-media-text alignwide is-stacked-on-mobile" style="grid-template-columns:35% auto"><figure class="wp-block-media-text__media"><img decoding="async" src="https://www.villa-j.fr/wp-content/uploads/2023/06/MARTIN-MEISSONNIER-BABA-SQUAALY_2023-07-15-1024x1024.jpeg" alt="" class="wp-image-51916 size-full"/></figure><div class="wp-block-media-text__content">
<h3 class="wp-block-heading">Samedi 15 juillet : MARTIN MEISSONNIER &amp; BABA SQUAALY</h3>



<p>Parmi ses multiples talents, les festivalier·ères connaissent celui de défricheur de sons… Martin Meissonnier est aussi journaliste, auteur, producteur, compositeur et réalisateur de documentaires sur des sujets aussi variés que Jeanne d’Arc, le bonheur au travail ou les nouveaux modèles scolaires. Il échange ici avec Baba Squaaly, journaliste pour Radio NOVA, qui régale les noctambules sous le nom de Big Buddha.</p>
</div></div>



<div style="height:100px" aria-hidden="true" class="wp-block-spacer"></div>



<div class="wp-block-buttons is-layout-flex wp-block-buttons-is-layout-flex">
<div class="wp-block-button"><a class="wp-block-button__link" href="https://www.suds-arles.com/billetterie/fr/2023/festival" target="_blank" rel="noreferrer noopener">Consulter le programme du festival</a></div>
</div>

<!-- This site is optimized with the Yoast SEO plugin v26.9 - https://yoast.com/product/yoast-seo-wordpress/ -->
<title>Les salons de musique du festival Les Suds 2023 - Villa J</title>
<meta name="robots" content="index, follow, max-snippet:-1, max-image-preview:large, max-video-preview:-1" />
<link rel="canonical" href="https://www.villa-j.fr/en/evenements/les-salons-de-musique-du-festival-les-suds-2023/" />
<meta property="og:locale" content="en_US" />
<meta property="og:type" content="article" />
<meta property="og:title" content="Les salons de musique du festival Les Suds 2023 - Villa J" />
<meta property="og:description" content="Le jardin de la Villa J a le plaisir d&#8217;accueillir pour la 6e année les Salons de musique du Festival de musiques du Monde, les Suds.Une petite parenthèse conviviale autour de musiciens du festival. Mercredi 12 juillet : PERRATE &amp; CORINNE FRAYSSINET SAVY À la croisée du&nbsp;cante jondo, des musiques d’ida y vuelta et d’expérimentations [&hellip;]" />
<meta property="og:url" content="https://www.villa-j.fr/en/evenements/les-salons-de-musique-du-festival-les-suds-2023/" />
<meta property="og:site_name" content="Villa J" />
<meta property="article:publisher" content="https://www.facebook.com/EspaceVillaJ" />
<meta property="article:modified_time" content="2024-04-09T16:19:18+00:00" />
<meta property="og:image" content="https://www.villa-j.fr/wp-content/uploads/2024/03/lesSuds-arles-2023.jpeg" />
	<meta property="og:image:width" content="700" />
	<meta property="og:image:height" content="450" />
	<meta property="og:image:type" content="image/jpeg" />
<meta name="twitter:card" content="summary_large_image" />
<meta name="twitter:label1" content="Est. reading time" />
	<meta name="twitter:data1" content="2 minutes" />
<!-- / Yoast SEO plugin. -->

Le jardin de la Villa J a le plaisir d&#8217;accueillir pour la 6e année les Salons de musique du Festival de musiques du Monde, les Suds.Une petite parenthèse conviviale autour de musiciens du festival. Mercredi 12 juillet : PERRATE &amp; CORINNE FRAYSSINET SAVY À la croisée du&nbsp;cante jondo, des musiques d’ida y vuelta et d’expérimentations [&hellip;]

Évènements

Un lieu pour vos formations, séminaires, coworking, réunions profesionnelles, évènements culturels et expositions à Arles
