{"id":51927,"date":"2019-09-25T08:04:37","date_gmt":"2019-09-25T08:04:37","guid":{"rendered":"https:\/\/www.villa-j.fr\/evenements\/une-exposition-de-gottfried-salzmann\/"},"modified":"2025-07-29T09:17:27","modified_gmt":"2025-07-29T09:17:27","slug":"une-exposition-de-gottfried-salzmann","status":"publish","type":"evenement","link":"https:\/\/www.villa-j.fr\/en\/evenements\/une-exposition-de-gottfried-salzmann\/","title":{"rendered":"Une exposition de Gottfried Salzmann"},"content":{"rendered":"\n<div class=\"wp-block-media-text is-stacked-on-mobile\" style=\"grid-template-columns:35% auto\"><figure class=\"wp-block-media-text__media\"><img loading=\"lazy\" decoding=\"async\" width=\"609\" height=\"1000\" src=\"https:\/\/www.villa-j.fr\/wp-content\/uploads\/2015\/06\/Salzmann_01_bd.jpg\" alt=\"\" class=\"wp-image-52167 size-full\" srcset=\"https:\/\/www.villa-j.fr\/wp-content\/uploads\/2015\/06\/Salzmann_01_bd.jpg 609w, https:\/\/www.villa-j.fr\/wp-content\/uploads\/2015\/06\/Salzmann_01_bd-335x550.jpg 335w, https:\/\/www.villa-j.fr\/wp-content\/uploads\/2015\/06\/Salzmann_01_bd-487x800.jpg 487w, https:\/\/www.villa-j.fr\/wp-content\/uploads\/2015\/06\/Salzmann_01_bd-219x360.jpg 219w\" sizes=\"auto, (max-width: 609px) 100vw, 609px\" \/><\/figure><div class=\"wp-block-media-text__content\">\n<p>Gottfried Salzmann d\u00e9veloppe un univers photographique o\u00f9 l\u2019aquarelle apporte \u00e9l\u00e9gance et fluidit\u00e9 \u00e0 ses compositions.<\/p>\n\n\n\n<p>Ne connaissant aucune limite, ni esth\u00e9tique ni technologique, son regard traduit des \u00e9motions avec une grande intelligence esth\u00e9tique.<\/p>\n\n\n\n<p>En se concentrant actuellement sur des vues urbaines, Gottfried Salzmann red\u00e9finit l\u2019espace et fait surgir des perspectives verticales qui dominent le regard.<\/p>\n\n\n\n<p><em>Visite de 10h \u00e0 18h du 6 au 11 &nbsp;juillet.<br><\/em><em>Pendant l\u2019exposition, Cantine \u00e9ph\u00e9m\u00e8re du Caf\u00e9 d\u2019Autrefois tous les midis \u00e0 la Villa J.<\/em><\/p>\n\n\n\n<p>Site internet : <a href=\"http:\/\/www.joelknafo-art.com\" target=\"_blank\" rel=\"noreferrer noopener\">www.joelknafo-art.com<\/a><\/p>\n<\/div><\/div>\n","protected":false},"featured_media":51280,"template":"","type_d_evenement":[11],"class_list":["post-51927","evenement","type-evenement","status-publish","has-post-thumbnail","hentry","type_d_evenement-exposition"],"acf":[],"yoast_head":"<!-- This site is optimized with the Yoast SEO plugin v26.9 - https:\/\/yoast.com\/product\/yoast-seo-wordpress\/ -->\n<title>Une exposition de Gottfried Salzmann - Villa J<\/title>\n<meta name=\"robots\" content=\"index, follow, max-snippet:-1, max-image-preview:large, max-video-preview:-1\" \/>\n<link rel=\"canonical\" href=\"https:\/\/www.villa-j.fr\/en\/evenements\/une-exposition-de-gottfried-salzmann\/\" \/>\n<meta property=\"og:locale\" content=\"en_US\" \/>\n<meta property=\"og:type\" content=\"article\" \/>\n<meta property=\"og:title\" content=\"Une exposition de Gottfried Salzmann - Villa J\" \/>\n<meta property=\"og:description\" content=\"Gottfried Salzmann d\u00e9veloppe un univers photographique o\u00f9 l\u2019aquarelle apporte \u00e9l\u00e9gance et fluidit\u00e9 \u00e0 ses compositions. Ne connaissant aucune limite, ni esth\u00e9tique ni technologique, son regard traduit des \u00e9motions avec une grande intelligence esth\u00e9tique. En se concentrant actuellement sur des vues urbaines, Gottfried Salzmann red\u00e9finit l\u2019espace et fait surgir des perspectives verticales qui dominent le regard. [&hellip;]\" \/>\n<meta property=\"og:url\" content=\"https:\/\/www.villa-j.fr\/en\/evenements\/une-exposition-de-gottfried-salzmann\/\" \/>\n<meta property=\"og:site_name\" content=\"Villa J\" \/>\n<meta property=\"article:publisher\" content=\"https:\/\/www.facebook.com\/EspaceVillaJ\" \/>\n<meta property=\"article:modified_time\" content=\"2025-07-29T09:17:27+00:00\" \/>\n<meta property=\"og:image\" content=\"https:\/\/www.villa-j.fr\/wp-content\/uploads\/2015\/06\/2015-06-29-Salzmann_HD_NY_train.jpg\" \/>\n\t<meta property=\"og:image:width\" content=\"900\" \/>\n\t<meta property=\"og:image:height\" content=\"601\" \/>\n\t<meta property=\"og:image:type\" content=\"image\/jpeg\" \/>\n<meta name=\"twitter:card\" content=\"summary_large_image\" \/>\n<meta name=\"twitter:label1\" content=\"Est. reading time\" \/>\n\t<meta name=\"twitter:data1\" content=\"1 minute\" \/>\n<!-- \/ Yoast SEO plugin. -->","yoast_head_json":{"title":"Une exposition de Gottfried Salzmann - Villa J","robots":{"index":"index","follow":"follow","max-snippet":"max-snippet:-1","max-image-preview":"max-image-preview:large","max-video-preview":"max-video-preview:-1"},"canonical":"https:\/\/www.villa-j.fr\/en\/evenements\/une-exposition-de-gottfried-salzmann\/","og_locale":"en_US","og_type":"article","og_title":"Une exposition de Gottfried Salzmann - Villa J","og_description":"Gottfried Salzmann d\u00e9veloppe un univers photographique o\u00f9 l\u2019aquarelle apporte \u00e9l\u00e9gance et fluidit\u00e9 \u00e0 ses compositions. Ne connaissant aucune limite, ni esth\u00e9tique ni technologique, son regard traduit des \u00e9motions avec une grande intelligence esth\u00e9tique. En se concentrant actuellement sur des vues urbaines, Gottfried Salzmann red\u00e9finit l\u2019espace et fait surgir des perspectives verticales qui dominent le regard. [&hellip;]","og_url":"https:\/\/www.villa-j.fr\/en\/evenements\/une-exposition-de-gottfried-salzmann\/","og_site_name":"Villa J","article_publisher":"https:\/\/www.facebook.com\/EspaceVillaJ","article_modified_time":"2025-07-29T09:17:27+00:00","og_image":[{"width":900,"height":601,"url":"https:\/\/www.villa-j.fr\/wp-content\/uploads\/2015\/06\/2015-06-29-Salzmann_HD_NY_train.jpg","type":"image\/jpeg"}],"twitter_card":"summary_large_image","twitter_misc":{"Est. reading time":"1 minute"},"schema":{"@context":"https:\/\/schema.org","@graph":[{"@type":"WebPage","@id":"https:\/\/www.villa-j.fr\/en\/evenements\/une-exposition-de-gottfried-salzmann\/","url":"https:\/\/www.villa-j.fr\/en\/evenements\/une-exposition-de-gottfried-salzmann\/","name":"Une exposition de Gottfried Salzmann - Villa J","isPartOf":{"@id":"https:\/\/www.villa-j.fr\/en\/#website"},"primaryImageOfPage":{"@id":"https:\/\/www.villa-j.fr\/en\/evenements\/une-exposition-de-gottfried-salzmann\/#primaryimage"},"image":{"@id":"https:\/\/www.villa-j.fr\/en\/evenements\/une-exposition-de-gottfried-salzmann\/#primaryimage"},"thumbnailUrl":"https:\/\/www.villa-j.fr\/wp-content\/uploads\/2015\/06\/2015-06-29-Salzmann_HD_NY_train.jpg","datePublished":"2019-09-25T08:04:37+00:00","dateModified":"2025-07-29T09:17:27+00:00","breadcrumb":{"@id":"https:\/\/www.villa-j.fr\/en\/evenements\/une-exposition-de-gottfried-salzmann\/#breadcrumb"},"inLanguage":"en-US","potentialAction":[{"@type":"ReadAction","target":["https:\/\/www.villa-j.fr\/en\/evenements\/une-exposition-de-gottfried-salzmann\/"]}]},{"@type":"ImageObject","inLanguage":"en-US","@id":"https:\/\/www.villa-j.fr\/en\/evenements\/une-exposition-de-gottfried-salzmann\/#primaryimage","url":"https:\/\/www.villa-j.fr\/wp-content\/uploads\/2015\/06\/2015-06-29-Salzmann_HD_NY_train.jpg","contentUrl":"https:\/\/www.villa-j.fr\/wp-content\/uploads\/2015\/06\/2015-06-29-Salzmann_HD_NY_train.jpg","width":900,"height":601},{"@type":"BreadcrumbList","@id":"https:\/\/www.villa-j.fr\/en\/evenements\/une-exposition-de-gottfried-salzmann\/#breadcrumb","itemListElement":[{"@type":"ListItem","position":1,"name":"Accueil","item":"https:\/\/www.villa-j.fr\/en\/"},{"@type":"ListItem","position":2,"name":"\u00c9v\u00e8nements","item":"https:\/\/www.villa-j.fr\/en\/events\/"},{"@type":"ListItem","position":3,"name":"Une exposition de Gottfried Salzmann"}]},{"@type":"WebSite","@id":"https:\/\/www.villa-j.fr\/en\/#website","url":"https:\/\/www.villa-j.fr\/en\/","name":"Villa J","description":"Un lieu pour vos formations, s\u00e9minaires, coworking, r\u00e9unions profesionnelles, \u00e9v\u00e8nements culturels et expositions \u00e0 Arles","publisher":{"@id":"https:\/\/www.villa-j.fr\/en\/#organization"},"potentialAction":[{"@type":"SearchAction","target":{"@type":"EntryPoint","urlTemplate":"https:\/\/www.villa-j.fr\/en\/?s={search_term_string}"},"query-input":{"@type":"PropertyValueSpecification","valueRequired":true,"valueName":"search_term_string"}}],"inLanguage":"en-US"},{"@type":"Organization","@id":"https:\/\/www.villa-j.fr\/en\/#organization","name":"Villa J","url":"https:\/\/www.villa-j.fr\/en\/","logo":{"@type":"ImageObject","inLanguage":"en-US","@id":"https:\/\/www.villa-j.fr\/en\/#\/schema\/logo\/image\/","url":"https:\/\/www.villa-j.fr\/wp-content\/uploads\/2025\/07\/favicon.png","contentUrl":"https:\/\/www.villa-j.fr\/wp-content\/uploads\/2025\/07\/favicon.png","width":1067,"height":1067,"caption":"Villa J"},"image":{"@id":"https:\/\/www.villa-j.fr\/en\/#\/schema\/logo\/image\/"},"sameAs":["https:\/\/www.facebook.com\/EspaceVillaJ"]}]}},"_links":{"self":[{"href":"https:\/\/www.villa-j.fr\/en\/wp-json\/wp\/v2\/evenement\/51927","targetHints":{"allow":["GET"]}}],"collection":[{"href":"https:\/\/www.villa-j.fr\/en\/wp-json\/wp\/v2\/evenement"}],"about":[{"href":"https:\/\/www.villa-j.fr\/en\/wp-json\/wp\/v2\/types\/evenement"}],"wp:featuredmedia":[{"embeddable":true,"href":"https:\/\/www.villa-j.fr\/en\/wp-json\/wp\/v2\/media\/51280"}],"wp:attachment":[{"href":"https:\/\/www.villa-j.fr\/en\/wp-json\/wp\/v2\/media?parent=51927"}],"wp:term":[{"taxonomy":"type_d_evenement","embeddable":true,"href":"https:\/\/www.villa-j.fr\/en\/wp-json\/wp\/v2\/type_d_evenement?post=51927"}],"curies":[{"name":"wp","href":"https:\/\/api.w.org\/{rel}","templated":true}]}}

<div class="wp-block-media-text is-stacked-on-mobile" style="grid-template-columns:35% auto"><figure class="wp-block-media-text__media"><img loading="lazy" decoding="async" width="609" height="1000" src="https://www.villa-j.fr/wp-content/uploads/2015/06/Salzmann_01_bd.jpg" alt="" class="wp-image-52167 size-full" srcset="https://www.villa-j.fr/wp-content/uploads/2015/06/Salzmann_01_bd.jpg 609w, https://www.villa-j.fr/wp-content/uploads/2015/06/Salzmann_01_bd-335x550.jpg 335w, https://www.villa-j.fr/wp-content/uploads/2015/06/Salzmann_01_bd-487x800.jpg 487w, https://www.villa-j.fr/wp-content/uploads/2015/06/Salzmann_01_bd-219x360.jpg 219w" sizes="auto, (max-width: 609px) 100vw, 609px" /></figure><div class="wp-block-media-text__content">
<p>Gottfried Salzmann développe un univers photographique où l’aquarelle apporte élégance et fluidité à ses compositions.</p>



<p>Ne connaissant aucune limite, ni esthétique ni technologique, son regard traduit des émotions avec une grande intelligence esthétique.</p>



<p>En se concentrant actuellement sur des vues urbaines, Gottfried Salzmann redéfinit l’espace et fait surgir des perspectives verticales qui dominent le regard.</p>



<p><em>Visite de 10h à 18h du 6 au 11 &nbsp;juillet.<br></em><em>Pendant l’exposition, Cantine éphémère du Café d’Autrefois tous les midis à la Villa J.</em></p>



<p>Site internet : <a href="http://www.joelknafo-art.com" target="_blank" rel="noreferrer noopener">www.joelknafo-art.com</a></p>
</div></div>

<!-- This site is optimized with the Yoast SEO plugin v26.9 - https://yoast.com/product/yoast-seo-wordpress/ -->
<title>Une exposition de Gottfried Salzmann - Villa J</title>
<meta name="robots" content="index, follow, max-snippet:-1, max-image-preview:large, max-video-preview:-1" />
<link rel="canonical" href="https://www.villa-j.fr/en/evenements/une-exposition-de-gottfried-salzmann/" />
<meta property="og:locale" content="en_US" />
<meta property="og:type" content="article" />
<meta property="og:title" content="Une exposition de Gottfried Salzmann - Villa J" />
<meta property="og:description" content="Gottfried Salzmann développe un univers photographique où l’aquarelle apporte élégance et fluidité à ses compositions. Ne connaissant aucune limite, ni esthétique ni technologique, son regard traduit des émotions avec une grande intelligence esthétique. En se concentrant actuellement sur des vues urbaines, Gottfried Salzmann redéfinit l’espace et fait surgir des perspectives verticales qui dominent le regard. [&hellip;]" />
<meta property="og:url" content="https://www.villa-j.fr/en/evenements/une-exposition-de-gottfried-salzmann/" />
<meta property="og:site_name" content="Villa J" />
<meta property="article:publisher" content="https://www.facebook.com/EspaceVillaJ" />
<meta property="article:modified_time" content="2025-07-29T09:17:27+00:00" />
<meta property="og:image" content="https://www.villa-j.fr/wp-content/uploads/2015/06/2015-06-29-Salzmann_HD_NY_train.jpg" />
	<meta property="og:image:width" content="900" />
	<meta property="og:image:height" content="601" />
	<meta property="og:image:type" content="image/jpeg" />
<meta name="twitter:card" content="summary_large_image" />
<meta name="twitter:label1" content="Est. reading time" />
	<meta name="twitter:data1" content="1 minute" />
<!-- / Yoast SEO plugin. -->

Gottfried Salzmann développe un univers photographique où l’aquarelle apporte élégance et fluidité à ses compositions. Ne connaissant aucune limite, ni esthétique ni technologique, son regard traduit des émotions avec une grande intelligence esthétique. En se concentrant actuellement sur des vues urbaines, Gottfried Salzmann redéfinit l’espace et fait surgir des perspectives verticales qui dominent le regard. [&hellip;]

Évènements

Un lieu pour vos formations, séminaires, coworking, réunions profesionnelles, évènements culturels et expositions à Arles
