{"id":52379,"date":"2024-03-29T11:45:34","date_gmt":"2024-03-29T11:45:34","guid":{"rendered":"https:\/\/www.villa-j.fr\/?post_type=espace&#038;p=52379"},"modified":"2026-02-05T07:51:42","modified_gmt":"2026-02-05T07:51:42","slug":"meeting-room-large","status":"publish","type":"espace","link":"https:\/\/www.villa-j.fr\/en\/spaces\/meeting-room-large\/","title":{"rendered":"Meeting room &#8211; large"},"content":{"rendered":"","protected":false},"featured_media":52095,"template":"","type_d_espace":[27],"class_list":["post-52379","espace","type-espace","status-publish","has-post-thumbnail","hentry","type_d_espace-meeting-rooms"],"acf":[],"yoast_head":"<!-- This site is optimized with the Yoast SEO plugin v26.9 - https:\/\/yoast.com\/product\/yoast-seo-wordpress\/ -->\n<title>Meeting room - large - Villa J<\/title>\n<meta name=\"robots\" content=\"index, follow, max-snippet:-1, max-image-preview:large, max-video-preview:-1\" \/>\n<link rel=\"canonical\" href=\"https:\/\/www.villa-j.fr\/en\/spaces\/meeting-room-large\/\" \/>\n<meta property=\"og:locale\" content=\"en_US\" \/>\n<meta property=\"og:type\" content=\"article\" \/>\n<meta property=\"og:title\" content=\"Meeting room - large - Villa J\" \/>\n<meta property=\"og:url\" content=\"https:\/\/www.villa-j.fr\/en\/spaces\/meeting-room-large\/\" \/>\n<meta property=\"og:site_name\" content=\"Villa J\" \/>\n<meta property=\"article:publisher\" content=\"https:\/\/www.facebook.com\/EspaceVillaJ\" \/>\n<meta property=\"article:modified_time\" content=\"2026-02-05T07:51:42+00:00\" \/>\n<meta property=\"og:image\" content=\"https:\/\/www.villa-j.fr\/wp-content\/uploads\/2025\/11\/VillaJ-espaces-MG_0044-retouche-BD_w723.jpg\" \/>\n\t<meta property=\"og:image:width\" content=\"723\" \/>\n\t<meta property=\"og:image:height\" content=\"482\" \/>\n\t<meta property=\"og:image:type\" content=\"image\/jpeg\" \/>\n<meta name=\"twitter:card\" content=\"summary_large_image\" \/>\n<meta name=\"twitter:label1\" content=\"Est. reading time\" \/>\n\t<meta name=\"twitter:data1\" content=\"1 minute\" \/>\n<!-- \/ Yoast SEO plugin. -->","yoast_head_json":{"title":"Meeting room - large - Villa J","robots":{"index":"index","follow":"follow","max-snippet":"max-snippet:-1","max-image-preview":"max-image-preview:large","max-video-preview":"max-video-preview:-1"},"canonical":"https:\/\/www.villa-j.fr\/en\/spaces\/meeting-room-large\/","og_locale":"en_US","og_type":"article","og_title":"Meeting room - large - Villa J","og_url":"https:\/\/www.villa-j.fr\/en\/spaces\/meeting-room-large\/","og_site_name":"Villa J","article_publisher":"https:\/\/www.facebook.com\/EspaceVillaJ","article_modified_time":"2026-02-05T07:51:42+00:00","og_image":[{"width":723,"height":482,"url":"https:\/\/www.villa-j.fr\/wp-content\/uploads\/2025\/11\/VillaJ-espaces-MG_0044-retouche-BD_w723.jpg","type":"image\/jpeg"}],"twitter_card":"summary_large_image","twitter_misc":{"Est. reading time":"1 minute"},"schema":{"@context":"https:\/\/schema.org","@graph":[{"@type":"WebPage","@id":"https:\/\/www.villa-j.fr\/en\/spaces\/meeting-room-large\/","url":"https:\/\/www.villa-j.fr\/en\/spaces\/meeting-room-large\/","name":"Meeting room - large - Villa J","isPartOf":{"@id":"https:\/\/www.villa-j.fr\/en\/#website"},"primaryImageOfPage":{"@id":"https:\/\/www.villa-j.fr\/en\/spaces\/meeting-room-large\/#primaryimage"},"image":{"@id":"https:\/\/www.villa-j.fr\/en\/spaces\/meeting-room-large\/#primaryimage"},"thumbnailUrl":"https:\/\/www.villa-j.fr\/wp-content\/uploads\/2024\/03\/VillaJ-espaces-MG_0044-retouche-BD.jpg","datePublished":"2024-03-29T11:45:34+00:00","dateModified":"2026-02-05T07:51:42+00:00","breadcrumb":{"@id":"https:\/\/www.villa-j.fr\/en\/spaces\/meeting-room-large\/#breadcrumb"},"inLanguage":"en-US","potentialAction":[{"@type":"ReadAction","target":["https:\/\/www.villa-j.fr\/en\/spaces\/meeting-room-large\/"]}]},{"@type":"ImageObject","inLanguage":"en-US","@id":"https:\/\/www.villa-j.fr\/en\/spaces\/meeting-room-large\/#primaryimage","url":"https:\/\/www.villa-j.fr\/wp-content\/uploads\/2024\/03\/VillaJ-espaces-MG_0044-retouche-BD.jpg","contentUrl":"https:\/\/www.villa-j.fr\/wp-content\/uploads\/2024\/03\/VillaJ-espaces-MG_0044-retouche-BD.jpg","width":1000,"height":667},{"@type":"BreadcrumbList","@id":"https:\/\/www.villa-j.fr\/en\/spaces\/meeting-room-large\/#breadcrumb","itemListElement":[{"@type":"ListItem","position":1,"name":"Accueil","item":"https:\/\/www.villa-j.fr\/en\/"},{"@type":"ListItem","position":2,"name":"Espaces","item":"https:\/\/www.villa-j.fr\/en\/spaces\/"},{"@type":"ListItem","position":3,"name":"Meeting room &#8211; large"}]},{"@type":"WebSite","@id":"https:\/\/www.villa-j.fr\/en\/#website","url":"https:\/\/www.villa-j.fr\/en\/","name":"Villa J","description":"Un lieu pour vos formations, s\u00e9minaires, coworking, r\u00e9unions profesionnelles, \u00e9v\u00e8nements culturels et expositions \u00e0 Arles","publisher":{"@id":"https:\/\/www.villa-j.fr\/en\/#organization"},"potentialAction":[{"@type":"SearchAction","target":{"@type":"EntryPoint","urlTemplate":"https:\/\/www.villa-j.fr\/en\/?s={search_term_string}"},"query-input":{"@type":"PropertyValueSpecification","valueRequired":true,"valueName":"search_term_string"}}],"inLanguage":"en-US"},{"@type":"Organization","@id":"https:\/\/www.villa-j.fr\/en\/#organization","name":"Villa J","url":"https:\/\/www.villa-j.fr\/en\/","logo":{"@type":"ImageObject","inLanguage":"en-US","@id":"https:\/\/www.villa-j.fr\/en\/#\/schema\/logo\/image\/","url":"https:\/\/www.villa-j.fr\/wp-content\/uploads\/2025\/07\/favicon.png","contentUrl":"https:\/\/www.villa-j.fr\/wp-content\/uploads\/2025\/07\/favicon.png","width":1067,"height":1067,"caption":"Villa J"},"image":{"@id":"https:\/\/www.villa-j.fr\/en\/#\/schema\/logo\/image\/"},"sameAs":["https:\/\/www.facebook.com\/EspaceVillaJ"]}]}},"_links":{"self":[{"href":"https:\/\/www.villa-j.fr\/en\/wp-json\/wp\/v2\/espace\/52379","targetHints":{"allow":["GET"]}}],"collection":[{"href":"https:\/\/www.villa-j.fr\/en\/wp-json\/wp\/v2\/espace"}],"about":[{"href":"https:\/\/www.villa-j.fr\/en\/wp-json\/wp\/v2\/types\/espace"}],"wp:featuredmedia":[{"embeddable":true,"href":"https:\/\/www.villa-j.fr\/en\/wp-json\/wp\/v2\/media\/52095"}],"wp:attachment":[{"href":"https:\/\/www.villa-j.fr\/en\/wp-json\/wp\/v2\/media?parent=52379"}],"wp:term":[{"taxonomy":"type_d_espace","embeddable":true,"href":"https:\/\/www.villa-j.fr\/en\/wp-json\/wp\/v2\/type_d_espace?post=52379"}],"curies":[{"name":"wp","href":"https:\/\/api.w.org\/{rel}","templated":true}]}}

Un lieu pour vos formations, séminaires, coworking, réunions profesionnelles, évènements culturels et expositions à Arles
