{"version":"1.0","provider_name":"Villa J","provider_url":"https:\/\/www.villa-j.fr\/en\/","title":"Arles se livre 2019 - Villa J","type":"rich","width":600,"height":338,"html":"<blockquote class=\"wp-embedded-content\" data-secret=\"XaTbQEFlkf\"><a href=\"https:\/\/www.villa-j.fr\/en\/evenements\/arles-se-livre-2019\/\">Arles se livre 2019<\/a><\/blockquote><iframe sandbox=\"allow-scripts\" security=\"restricted\" src=\"https:\/\/www.villa-j.fr\/en\/evenements\/arles-se-livre-2019\/embed\/#?secret=XaTbQEFlkf\" width=\"600\" height=\"338\" title=\"&#8220;Arles se livre 2019&#8221; &#8212; Villa J\" data-secret=\"XaTbQEFlkf\" frameborder=\"0\" marginwidth=\"0\" marginheight=\"0\" scrolling=\"no\" class=\"wp-embedded-content\"><\/iframe><script type=\"text\/javascript\">\n\/* <![CDATA[ *\/\n\/*! This file is auto-generated *\/\n!function(d,l){\"use strict\";l.querySelector&&d.addEventListener&&\"undefined\"!=typeof URL&&(d.wp=d.wp||{},d.wp.receiveEmbedMessage||(d.wp.receiveEmbedMessage=function(e){var t=e.data;if((t||t.secret||t.message||t.value)&&!\/[^a-zA-Z0-9]\/.test(t.secret)){for(var s,r,n,a=l.querySelectorAll('iframe[data-secret=\"'+t.secret+'\"]'),o=l.querySelectorAll('blockquote[data-secret=\"'+t.secret+'\"]'),c=new RegExp(\"^https?:$\",\"i\"),i=0;i<o.length;i++)o[i].style.display=\"none\";for(i=0;i<a.length;i++)s=a[i],e.source===s.contentWindow&&(s.removeAttribute(\"style\"),\"height\"===t.message?(1e3<(r=parseInt(t.value,10))?r=1e3:~~r<200&&(r=200),s.height=r):\"link\"===t.message&&(r=new URL(s.getAttribute(\"src\")),n=new URL(t.value),c.test(n.protocol))&&n.host===r.host&&l.activeElement===s&&(d.top.location.href=t.value))}},d.addEventListener(\"message\",d.wp.receiveEmbedMessage,!1),l.addEventListener(\"DOMContentLoaded\",function(){for(var e,t,s=l.querySelectorAll(\"iframe.wp-embedded-content\"),r=0;r<s.length;r++)(t=(e=s[r]).getAttribute(\"data-secret\"))||(t=Math.random().toString(36).substring(2,12),e.src+=\"#?secret=\"+t,e.setAttribute(\"data-secret\",t)),e.contentWindow.postMessage({message:\"ready\",secret:t},\"*\")},!1)))}(window,document);\n\/* ]]> *\/\n<\/script>\n","thumbnail_url":"https:\/\/www.villa-j.fr\/wp-content\/uploads\/2019\/02\/laubreaux1-scaled.jpg","thumbnail_width":2560,"thumbnail_height":1707,"description":"EXPOSITION Images-valises Figuratives ou abstraites, p\u00e9tillantes ou monochromes, \u00e9dit\u00e9es selon divers modes d\u2019impression, les images pr\u00e9sent\u00e9es dans cette exposition refl\u00e8tent une diversit\u00e9 propre aux pratiques artistiques d\u2019aujourd\u2019hui, un go\u00fbt singulier pour le livre de jeunesse et pour l\u2019enfance. De vendredi 1er \u00e0 dimanche 3 mars de 10h \u00e0 18h \u2013 Entr\u00e9e libre ATELIER Oh ! [&hellip;]"}

EXPOSITION Images-valises Figuratives ou abstraites, pétillantes ou monochromes, éditées selon divers modes d’impression, les images présentées dans cette exposition reflètent une diversité propre aux pratiques artistiques d’aujourd’hui, un goût singulier pour le livre de jeunesse et pour l’enfance. De vendredi 1er à dimanche 3 mars de 10h à 18h – Entrée libre ATELIER Oh ! [&hellip;]
